CRAN Package Check Results for Package DBKGrad

Last updated on 2019-11-22 00:49:10 CET.

Flavor Version Tinstall Tcheck Ttotal Status Flags
r-devel-linux-x86_64-debian-clang 1.7 11.45 100.25 111.70 OK
r-devel-linux-x86_64-debian-gcc 1.7 11.43 79.03 90.46 OK
r-devel-linux-x86_64-fedora-clang 1.7 138.42 OK
r-devel-linux-x86_64-fedora-gcc 1.7 137.86 OK
r-devel-windows-ix86+x86_64 1.7 54.00 168.00 222.00 OK
r-devel-windows-ix86+x86_64-gcc8 1.7 39.00 125.00 164.00 OK
r-patched-linux-x86_64 1.7 11.91 94.34 106.25 OK
r-patched-solaris-x86 1.7 213.10 OK
r-release-linux-x86_64 1.7 11.26 95.28 106.54 OK
r-release-windows-ix86+x86_64 1.7 50.00 156.00 206.00 OK
r-release-osx-x86_64 1.7 ERROR
r-oldrel-windows-ix86+x86_64 1.7 16.00 148.00 164.00 OK
r-oldrel-osx-x86_64 1.7 ERROR

Check Details

Version: 1.7
Check: package dependencies
Result: ERROR
    Package required but not available: ‘SDD’
    
    See section ‘The DESCRIPTION file’ in the ‘Writing R Extensions’
    manual.
Flavors: r-release-osx-x86_64, r-oldrel-osx-x86_64