CRAN Package Check Results for Package DBKGrad

Last updated on 2019-05-20 00:47:44 CEST.

Flavor Version Tinstall Tcheck Ttotal Status Flags
r-devel-linux-x86_64-debian-clang 1.7 11.59 98.73 110.32 OK
r-devel-linux-x86_64-debian-gcc 1.7 9.75 77.11 86.86 OK
r-devel-linux-x86_64-fedora-clang 1.7 135.29 OK
r-devel-linux-x86_64-fedora-gcc 1.7 128.36 OK
r-devel-windows-ix86+x86_64 1.7 40.00 171.00 211.00 OK
r-patched-linux-x86_64 1.7 11.88 96.59 108.47 OK
r-patched-solaris-x86 1.7 223.30 OK
r-release-linux-x86_64 1.7 11.45 99.48 110.93 OK
r-release-windows-ix86+x86_64 1.7 40.00 160.00 200.00 OK
r-release-osx-x86_64 1.7 ERROR
r-oldrel-windows-ix86+x86_64 1.7 36.00 169.00 205.00 OK
r-oldrel-osx-x86_64 1.7 ERROR

Check Details

Version: 1.7
Check: package dependencies
Result: ERROR
    Package required but not available: ‘SDD’
    
    See section ‘The DESCRIPTION file’ in the ‘Writing R Extensions’
    manual.
Flavors: r-release-osx-x86_64, r-oldrel-osx-x86_64