CRAN Package Check Results for Package DCM

Last updated on 2019-12-06 00:49:53 CET.

Flavor Version Tinstall Tcheck Ttotal Status Flags
r-devel-linux-x86_64-debian-clang 0.1.1 4.87 35.33 40.20 OK
r-devel-linux-x86_64-debian-gcc 0.1.1 3.98 29.14 33.12 OK
r-devel-linux-x86_64-fedora-clang 0.1.1 53.76 OK
r-devel-linux-x86_64-fedora-gcc 0.1.1 47.52 OK
r-devel-windows-ix86+x86_64 0.1.1 10.00 46.00 56.00 OK
r-devel-windows-ix86+x86_64-gcc8 0.1.1 9.00 49.00 58.00 OK
r-patched-linux-x86_64 0.1.1 3.77 32.81 36.58 OK
r-patched-solaris-x86 0.1.1 73.70 OK
r-release-linux-x86_64 0.1.1 4.20 32.88 37.08 OK
r-release-windows-ix86+x86_64 0.1.1 7.00 47.00 54.00 OK
r-release-osx-x86_64 0.1.1 FAIL
r-oldrel-windows-ix86+x86_64 0.1.1 4.00 48.00 52.00 OK
r-oldrel-osx-x86_64 0.1.1 OK

Check Details

Version: 0.1.1
Check: whether package can be installed
Result: FAIL
    
Flavor: r-release-osx-x86_64