CRAN Package Check Results for Package DCM

Last updated on 2019-08-20 00:50:44 CEST.

Flavor Version Tinstall Tcheck Ttotal Status Flags
r-devel-linux-x86_64-debian-clang 0.1.1 4.25 32.83 37.08 OK
r-devel-linux-x86_64-debian-gcc 0.1.1 3.57 27.33 30.90 OK
r-devel-linux-x86_64-fedora-clang 0.1.1 48.40 OK
r-devel-linux-x86_64-fedora-gcc 0.1.1 46.59 OK
r-devel-windows-ix86+x86_64 0.1.1 13.00 68.00 81.00 OK
r-patched-linux-x86_64 0.1.1 4.20 33.96 38.16 OK
r-patched-solaris-x86 0.1.1 75.90 OK
r-release-linux-x86_64 0.1.1 3.83 33.19 37.02 OK
r-release-windows-ix86+x86_64 0.1.1 9.00 42.00 51.00 OK
r-release-osx-x86_64 0.1.1 FAIL
r-oldrel-windows-ix86+x86_64 0.1.1 8.00 135.00 143.00 OK
r-oldrel-osx-x86_64 0.1.1 OK

Check Details

Version: 0.1.1
Check: whether package can be installed
Result: FAIL
    
Flavor: r-release-osx-x86_64