CRAN Package Check Results for Package DCchoice

Last updated on 2019-07-16 00:48:04 CEST.

Flavor Version Tinstall Tcheck Ttotal Status Flags
r-devel-linux-x86_64-debian-clang 0.0.15 8.39 66.44 74.83 OK
r-devel-linux-x86_64-debian-gcc 0.0.15 6.88 52.13 59.01 OK
r-devel-linux-x86_64-fedora-clang 0.0.15 88.23 OK
r-devel-linux-x86_64-fedora-gcc 0.0.15 88.11 OK
r-devel-windows-ix86+x86_64 0.0.15 22.00 78.00 100.00 OK
r-patched-linux-x86_64 0.0.15 9.43 65.31 74.74 OK
r-patched-solaris-x86 0.0.15 136.00 OK
r-release-linux-x86_64 0.0.15 8.27 64.47 72.74 OK
r-release-windows-ix86+x86_64 0.0.15 17.00 112.00 129.00 OK
r-release-osx-x86_64 0.0.15 ERROR
r-oldrel-windows-ix86+x86_64 0.0.15 15.00 74.00 89.00 OK
r-oldrel-osx-x86_64 0.0.15 OK

Check Details

Version: 0.0.15
Check: package dependencies
Result: ERROR
    Package required but not available: ‘interval’
    
    See section ‘The DESCRIPTION file’ in the ‘Writing R Extensions’
    manual.
Flavor: r-release-osx-x86_64