CRAN Package Check Results for Package DDRTree

Last updated on 2019-07-16 00:48:04 CEST.

Flavor Version Tinstall Tcheck Ttotal Status Flags
r-devel-linux-x86_64-debian-clang 0.1.5 63.65 49.89 113.54 OK
r-devel-linux-x86_64-debian-gcc 0.1.5 56.93 42.13 99.06 OK
r-devel-linux-x86_64-fedora-clang 0.1.5 154.21 NOTE
r-devel-linux-x86_64-fedora-gcc 0.1.5 159.15 OK
r-devel-windows-ix86+x86_64 0.1.5 140.00 87.00 227.00 OK
r-patched-linux-x86_64 0.1.5 66.69 51.06 117.75 OK
r-patched-solaris-x86 0.1.5 166.50 OK
r-release-linux-x86_64 0.1.5 69.79 50.99 120.78 OK
r-release-windows-ix86+x86_64 0.1.5 104.00 121.00 225.00 OK
r-release-osx-x86_64 0.1.5 NOTE
r-oldrel-windows-ix86+x86_64 0.1.5 137.00 75.00 212.00 OK
r-oldrel-osx-x86_64 0.1.5 NOTE

Check Details

Version: 0.1.5
Check: installed package size
Result: NOTE
     installed size is 21.6Mb
     sub-directories of 1Mb or more:
     libs 21.5Mb
Flavors: r-devel-linux-x86_64-fedora-clang, r-release-osx-x86_64, r-oldrel-osx-x86_64