CRAN Package Check Results for Package DEoptim

Last updated on 2019-09-21 00:52:38 CEST.

Flavor Version Tinstall Tcheck Ttotal Status Flags
r-devel-linux-x86_64-debian-clang 2.2-4 3.36 40.07 43.43 OK
r-devel-linux-x86_64-debian-gcc 2.2-4 2.43 31.30 33.73 OK
r-devel-linux-x86_64-fedora-clang 2.2-4 57.23 NOTE
r-devel-linux-x86_64-fedora-gcc 2.2-4 55.59 NOTE
r-devel-windows-ix86+x86_64 2.2-4 16.00 74.00 90.00 OK
r-patched-linux-x86_64 2.2-4 3.00 39.89 42.89 OK
r-patched-solaris-x86 2.2-4 81.50 OK
r-release-linux-x86_64 2.2-4 2.97 40.14 43.11 OK
r-release-windows-ix86+x86_64 2.2-4 10.00 73.00 83.00 OK
r-release-osx-x86_64 2.2-4 OK
r-oldrel-windows-ix86+x86_64 2.2-4 9.00 70.00 79.00 OK
r-oldrel-osx-x86_64 2.2-4 OK

Additional issues

LTO

Check Details

Version: 2.2-4
Check: compiled code
Result: NOTE
    File ‘DEoptim/libs/DEoptim.so’:
     Found no calls to: ‘R_registerRoutines’, ‘R_useDynamicSymbols’
    
    It is good practice to register native routines and to disable symbol
    search.
    
    See ‘Writing portable packages’ in the ‘Writing R Extensions’ manual.
Flavors: r-devel-linux-x86_64-fedora-clang, r-devel-linux-x86_64-fedora-gcc