CRAN Package Check Results for Package DEoptim

Last updated on 2019-06-25 00:52:12 CEST.

Flavor Version Tinstall Tcheck Ttotal Status Flags
r-devel-linux-x86_64-debian-clang 2.2-4 3.58 40.43 44.01 OK
r-devel-linux-x86_64-debian-gcc 2.2-4 2.55 31.11 33.66 OK
r-devel-linux-x86_64-fedora-clang 2.2-4 54.65 NOTE
r-devel-linux-x86_64-fedora-gcc 2.2-4 51.92 NOTE
r-devel-windows-ix86+x86_64 2.2-4 15.00 102.00 117.00 OK
r-patched-linux-x86_64 2.2-4 2.77 39.59 42.36 OK
r-patched-solaris-x86 2.2-4 84.80 OK
r-release-linux-x86_64 2.2-4 3.02 39.76 42.78 OK
r-release-windows-ix86+x86_64 2.2-4 11.00 86.00 97.00 OK
r-release-osx-x86_64 2.2-4 OK
r-oldrel-windows-ix86+x86_64 2.2-4 9.00 68.00 77.00 OK
r-oldrel-osx-x86_64 2.2-4 OK

Additional issues

LTO

Check Details

Version: 2.2-4
Check: compiled code
Result: NOTE
    File ‘DEoptim/libs/DEoptim.so’:
     Found no calls to: ‘R_registerRoutines’, ‘R_useDynamicSymbols’
    
    It is good practice to register native routines and to disable symbol
    search.
    
    See ‘Writing portable packages’ in the ‘Writing R Extensions’ manual.
Flavors: r-devel-linux-x86_64-fedora-clang, r-devel-linux-x86_64-fedora-gcc