CRAN Package Check Results for Package DRomics

Last updated on 2019-08-26 00:47:23 CEST.

Flavor Version Tinstall Tcheck Ttotal Status Flags
r-devel-linux-x86_64-debian-clang 1.0-2 5.66 82.26 87.92 OK
r-devel-linux-x86_64-debian-gcc 1.0-2 4.85 62.62 67.47 OK
r-devel-linux-x86_64-fedora-clang 1.0-2 103.54 OK
r-devel-linux-x86_64-fedora-gcc 1.0-2 100.41 OK
r-devel-windows-ix86+x86_64 1.0-2 18.00 117.00 135.00 OK
r-patched-linux-x86_64 1.0-2 5.51 79.51 85.02 OK
r-patched-solaris-x86 1.0-2 144.60 OK
r-release-linux-x86_64 1.0-2 4.42 79.64 84.06 OK
r-release-windows-ix86+x86_64 1.0-2 19.00 129.00 148.00 OK
r-release-osx-x86_64 1.0-2 ERROR
r-oldrel-windows-ix86+x86_64 1.0-2 25.00 128.00 153.00 OK
r-oldrel-osx-x86_64 1.0-2 OK

Check Details

Version: 1.0-2
Check: package dependencies
Result: ERROR
    Package required but not available: ‘limma’
    
    See section ‘The DESCRIPTION file’ in the ‘Writing R Extensions’
    manual.
Flavor: r-release-osx-x86_64