CRAN Package Check Results for Package DandEFA

Last updated on 2020-01-22 00:48:53 CET.

Flavor Version Tinstall Tcheck Ttotal Status Flags
r-devel-linux-x86_64-debian-clang 1.6 2.66 28.00 30.66 OK
r-devel-linux-x86_64-debian-gcc 1.6 2.22 22.30 24.52 OK
r-devel-linux-x86_64-fedora-clang 1.6 37.78 WARN
r-devel-linux-x86_64-fedora-gcc 1.6 36.62 OK
r-devel-windows-ix86+x86_64 1.6 9.00 57.00 66.00 OK
r-devel-windows-ix86+x86_64-gcc8 1.6 7.00 42.00 49.00 OK
r-patched-linux-x86_64 1.6 2.10 25.47 27.57 OK
r-patched-solaris-x86 1.6 59.30 OK
r-release-linux-x86_64 1.6 1.91 25.79 27.70 OK
r-release-windows-ix86+x86_64 1.6 7.00 52.00 59.00 OK
r-release-osx-x86_64 1.6 OK
r-oldrel-windows-ix86+x86_64 1.6 3.00 51.00 54.00 OK
r-oldrel-osx-x86_64 1.6 OK

Check Details

Version: 1.6
Check: package dependencies
Result: WARN
    Requires orphaned package: ‘gplots’
Flavor: r-devel-linux-x86_64-fedora-clang