CRAN Package Check Results for Package DataGraph

Last updated on 2019-06-18 00:51:33 CEST.

Flavor Version Tinstall Tcheck Ttotal Status Flags
r-devel-linux-x86_64-debian-clang 1.0.1 48.16 21.43 69.59 OK
r-devel-linux-x86_64-debian-gcc 1.0.1 43.92 17.82 61.74 OK
r-devel-linux-x86_64-fedora-clang 1.0.1 110.96 NOTE
r-devel-linux-x86_64-fedora-gcc 1.0.1 99.19 OK
r-devel-windows-ix86+x86_64 1.0.1 134.00 63.00 197.00 OK
r-patched-linux-x86_64 1.0.1 52.06 21.55 73.61 OK
r-patched-solaris-x86 1.0.1 114.70 OK
r-release-linux-x86_64 1.0.1 51.43 21.84 73.27 OK
r-release-windows-ix86+x86_64 1.0.1 109.00 77.00 186.00 OK
r-release-osx-x86_64 1.0.1 NOTE
r-oldrel-windows-ix86+x86_64 1.0.1 100.00 80.00 180.00 OK
r-oldrel-osx-x86_64 1.0.1 NOTE

Additional issues

rchk

Check Details

Version: 1.0.1
Check: installed package size
Result: NOTE
     installed size is 5.4Mb
     sub-directories of 1Mb or more:
     libs 5.2Mb
Flavors: r-devel-linux-x86_64-fedora-clang, r-release-osx-x86_64, r-oldrel-osx-x86_64