CRAN Package Check Results for Package DataGraph

Last updated on 2019-09-17 00:49:11 CEST.

Flavor Version Tinstall Tcheck Ttotal Status Flags
r-devel-linux-x86_64-debian-clang 1.0.1 49.77 21.28 71.05 WARN
r-devel-linux-x86_64-debian-gcc 1.0.1 WARN
r-devel-linux-x86_64-fedora-clang 1.0.1 116.35 NOTE
r-devel-linux-x86_64-fedora-gcc 1.0.1 114.06 WARN
r-devel-windows-ix86+x86_64 1.0.1 130.00 57.00 187.00 OK
r-patched-linux-x86_64 1.0.1 46.65 21.32 67.97 OK
r-patched-solaris-x86 1.0.1 107.40 OK
r-release-linux-x86_64 1.0.1 47.79 21.85 69.64 OK
r-release-windows-ix86+x86_64 1.0.1 96.00 59.00 155.00 OK
r-release-osx-x86_64 1.0.1 NOTE
r-oldrel-windows-ix86+x86_64 1.0.1 124.00 53.00 177.00 OK
r-oldrel-osx-x86_64 1.0.1 NOTE

Additional issues

rchk

Check Details

Version: 1.0.1
Check: whether package can be installed
Result: WARN
    Found the following significant warnings:
     DTDataFile.cpp:145:17: warning: ignoring return value of function declared with 'warn_unused_result' attribute [-Wunused-result]
Flavor: r-devel-linux-x86_64-debian-clang

Version: 1.0.1
Check: whether package can be installed
Result: WARN
    Found the following significant warnings:
     DTDataFile.cpp:145:22: warning: ignoring return value of ‘size_t fread(void*, size_t, size_t, FILE*)’, declared with attribute warn_unused_result [-Wunused-result]
Flavors: r-devel-linux-x86_64-debian-gcc, r-devel-linux-x86_64-fedora-gcc

Version: 1.0.1
Check: installed package size
Result: NOTE
     installed size is 6.2Mb
     sub-directories of 1Mb or more:
     libs 6.1Mb
Flavors: r-devel-linux-x86_64-fedora-clang, r-release-osx-x86_64, r-oldrel-osx-x86_64