CRAN Package Check Results for Package DstarM

Last updated on 2018-07-23 00:51:05 CEST.

Flavor Version Tinstall Tcheck Ttotal Status Flags
r-devel-linux-x86_64-debian-clang 0.3.0 27.79 47.15 74.94 OK
r-devel-linux-x86_64-debian-gcc 0.3.0 24.17 36.83 61.00 OK
r-devel-linux-x86_64-fedora-clang 0.3.0 96.24 NOTE
r-devel-linux-x86_64-fedora-gcc 0.3.0 93.22 NOTE
r-devel-windows-ix86+x86_64 0.3.0 70.00 132.00 202.00 OK
r-patched-linux-x86_64 0.3.0 OK
r-patched-solaris-x86 0.3.0 103.50 NOTE
r-release-linux-x86_64 0.3.0 27.71 44.76 72.47 OK
r-release-windows-ix86+x86_64 0.3.0 51.00 83.00 134.00 OK
r-release-osx-x86_64 0.3.0 NOTE
r-oldrel-windows-ix86+x86_64 0.3.0 56.00 95.00 151.00 OK
r-oldrel-osx-x86_64 0.3.0 NOTE

Check Details

Version: 0.3.0
Check: dependencies in R code
Result: NOTE
    Namespace in Imports field not imported from: ‘Rcpp’
     All declared Imports should be used.
Flavors: r-devel-linux-x86_64-fedora-clang, r-devel-linux-x86_64-fedora-gcc, r-patched-solaris-x86, r-release-osx-x86_64, r-oldrel-osx-x86_64