CRAN Package Check Results for Package ECFsup

Last updated on 2019-07-16 00:48:05 CEST.

Flavor Version Tinstall Tcheck Ttotal Status Flags
r-devel-linux-x86_64-debian-clang 0.1-2 24.99 27.21 52.20 NOTE
r-devel-linux-x86_64-debian-gcc 0.1-2 21.11 22.16 43.27 NOTE
r-devel-linux-x86_64-fedora-clang 0.1-2 71.64 NOTE
r-devel-linux-x86_64-fedora-gcc 0.1-2 70.93 NOTE
r-devel-windows-ix86+x86_64 0.1-2 65.00 64.00 129.00 OK
r-patched-linux-x86_64 0.1-2 25.60 27.21 52.81 NOTE
r-patched-solaris-x86 0.1-2 87.40 OK
r-release-linux-x86_64 0.1-2 24.80 27.17 51.97 NOTE
r-release-windows-ix86+x86_64 0.1-2 48.00 85.00 133.00 OK
r-release-osx-x86_64 0.1-2 OK
r-oldrel-windows-ix86+x86_64 0.1-2 63.00 65.00 128.00 OK
r-oldrel-osx-x86_64 0.1-2 OK

Check Details

Version: 0.1-2
Check: use of SHLIB_OPENMP_*FLAGS in Makefiles
Result: NOTE
     src/Makevars: SHLIB_OPENMP_CXXFLAGS is included in PKG_CXXFLAGS but not in PKG_LIBS
     src/Makevars: SHLIB_OPENMP_CFLAGS is included in PKG_LIBS but linking is by C++
     src/Makevars.win: SHLIB_OPENMP_CXXFLAGS is included in PKG_CXXFLAGS but not in PKG_LIBS
     src/Makevars.win: SHLIB_OPENMP_CFLAGS is included in PKG_LIBS but linking is by C++
    Use of these macros is discussed in sect 1.2.1.1 of 'Writing R
    Extensions'. The macros for different languages may differ so the
    matching macro must be used in PKG_CXXFLAGS (etc) and match that used
    in PKG_LIBS (except for Fortran: see the manual).
Flavors: r-devel-linux-x86_64-debian-clang, r-devel-linux-x86_64-debian-gcc, r-devel-linux-x86_64-fedora-clang, r-devel-linux-x86_64-fedora-gcc, r-patched-linux-x86_64, r-release-linux-x86_64