CRAN Package Check Results for Package ECFsup

Last updated on 2019-10-22 00:52:21 CEST.

Flavor Version Tinstall Tcheck Ttotal Status Flags
r-devel-linux-x86_64-debian-clang 0.1-2 28.16 27.38 55.54 NOTE
r-devel-linux-x86_64-debian-gcc 0.1-2 22.50 21.74 44.24 NOTE
r-devel-linux-x86_64-fedora-clang 0.1-2 75.91 NOTE
r-devel-linux-x86_64-fedora-gcc 0.1-2 73.61 NOTE
r-devel-windows-ix86+x86_64 0.1-2 51.00 66.00 117.00 OK
r-patched-linux-x86_64 0.1-2 23.96 26.46 50.42 NOTE
r-patched-solaris-x86 0.1-2 79.90 OK
r-release-linux-x86_64 0.1-2 24.10 26.67 50.77 NOTE
r-release-windows-ix86+x86_64 0.1-2 73.00 64.00 137.00 OK
r-release-osx-x86_64 0.1-2 OK
r-oldrel-windows-ix86+x86_64 0.1-2 49.00 59.00 108.00 OK
r-oldrel-osx-x86_64 0.1-2 OK

Check Details

Version: 0.1-2
Check: use of SHLIB_OPENMP_*FLAGS in Makefiles
Result: NOTE
     src/Makevars: SHLIB_OPENMP_CXXFLAGS is included in PKG_CXXFLAGS but not in PKG_LIBS
     src/Makevars: SHLIB_OPENMP_CFLAGS is included in PKG_LIBS but linking is by C++
     src/Makevars.win: SHLIB_OPENMP_CXXFLAGS is included in PKG_CXXFLAGS but not in PKG_LIBS
     src/Makevars.win: SHLIB_OPENMP_CFLAGS is included in PKG_LIBS but linking is by C++
    Use of these macros is discussed in sect 1.2.1.1 of 'Writing R
    Extensions'. The macros for different languages may differ so the
    matching macro must be used in PKG_CXXFLAGS (etc) and match that used
    in PKG_LIBS (except for Fortran: see the manual).
Flavors: r-devel-linux-x86_64-debian-clang, r-devel-linux-x86_64-debian-gcc, r-devel-linux-x86_64-fedora-clang, r-devel-linux-x86_64-fedora-gcc, r-patched-linux-x86_64, r-release-linux-x86_64