CRAN Package Check Results for Package ES

Last updated on 2019-09-21 00:52:39 CEST.

Flavor Version Tinstall Tcheck Ttotal Status Flags
r-devel-linux-x86_64-debian-clang 1.0 2.20 19.08 21.28 NOTE
r-devel-linux-x86_64-debian-gcc 1.0 1.76 15.50 17.26 NOTE
r-devel-linux-x86_64-fedora-clang 1.0 26.23 NOTE
r-devel-linux-x86_64-fedora-gcc 1.0 25.38 NOTE
r-devel-windows-ix86+x86_64 1.0 8.00 40.00 48.00 NOTE
r-patched-linux-x86_64 1.0 1.75 19.05 20.80 NOTE
r-patched-solaris-x86 1.0 39.40 NOTE
r-release-linux-x86_64 1.0 1.52 19.01 20.53 NOTE
r-release-windows-ix86+x86_64 1.0 5.00 41.00 46.00 NOTE
r-release-osx-x86_64 1.0 NOTE
r-oldrel-windows-ix86+x86_64 1.0 2.00 29.00 31.00 NOTE
r-oldrel-osx-x86_64 1.0 NOTE

Check Details

Version: 1.0
Check: DESCRIPTION meta-information
Result: NOTE
    Malformed Description field: should contain one or more complete sentences.
Flavors: r-devel-linux-x86_64-debian-clang, r-devel-linux-x86_64-debian-gcc, r-devel-linux-x86_64-fedora-clang, r-devel-linux-x86_64-fedora-gcc, r-devel-windows-ix86+x86_64, r-patched-linux-x86_64, r-patched-solaris-x86, r-release-linux-x86_64, r-release-windows-ix86+x86_64, r-release-osx-x86_64, r-oldrel-windows-ix86+x86_64, r-oldrel-osx-x86_64

Version: 1.0
Check: R code for possible problems
Result: NOTE
    cv.ES: no visible binding for global variable 'var'
    Undefined global functions or variables:
     var
    Consider adding
     importFrom("stats", "var")
    to your NAMESPACE file.
Flavors: r-devel-linux-x86_64-debian-clang, r-devel-linux-x86_64-debian-gcc, r-devel-linux-x86_64-fedora-clang, r-devel-linux-x86_64-fedora-gcc, r-devel-windows-ix86+x86_64, r-patched-linux-x86_64, r-patched-solaris-x86, r-release-linux-x86_64, r-release-windows-ix86+x86_64, r-release-osx-x86_64, r-oldrel-windows-ix86+x86_64, r-oldrel-osx-x86_64