CRAN Package Check Results for Package EnvStats

Last updated on 2020-07-11 00:48:48 CEST.

Flavor Version Tinstall Tcheck Ttotal Status Flags
r-devel-linux-x86_64-debian-clang 2.3.1 67.56 499.61 567.17 OK
r-devel-linux-x86_64-debian-gcc 2.3.1 57.12 364.76 421.88 OK
r-devel-linux-x86_64-fedora-clang 2.3.1 675.94 NOTE
r-devel-linux-x86_64-fedora-gcc 2.3.1 663.42 OK
r-devel-windows-ix86+x86_64 2.3.1 85.00 421.00 506.00 NOTE
r-patched-linux-x86_64 2.3.1 64.87 495.29 560.16 OK
r-patched-solaris-x86 2.3.1 661.70 NOTE
r-release-linux-x86_64 2.3.1 65.35 493.03 558.38 OK
r-release-osx-x86_64 2.3.1 NOTE
r-release-windows-ix86+x86_64 2.3.1 91.00 406.00 497.00 NOTE
r-oldrel-osx-x86_64 2.3.1 NOTE
r-oldrel-windows-ix86+x86_64 2.3.1 116.00 393.00 509.00 NOTE

Check Details

Version: 2.3.1
Check: installed package size
Result: NOTE
     installed size is 9.7Mb
     sub-directories of 1Mb or more:
     R 2.3Mb
     doc 3.3Mb
     help 3.4Mb
Flavors: r-devel-linux-x86_64-fedora-clang, r-devel-windows-ix86+x86_64, r-patched-solaris-x86, r-release-osx-x86_64, r-release-windows-ix86+x86_64, r-oldrel-osx-x86_64, r-oldrel-windows-ix86+x86_64

Version: 2.3.1
Check: Rd cross-references
Result: NOTE
    Undeclared package ‘Hmisc’ in Rd xrefs
Flavor: r-devel-linux-x86_64-fedora-clang