CRAN Package Check Results for Package EnvStats

Last updated on 2019-12-16 00:48:53 CET.

Flavor Version Tinstall Tcheck Ttotal Status Flags
r-devel-linux-x86_64-debian-clang 2.3.1 71.09 506.72 577.81 OK
r-devel-linux-x86_64-debian-gcc 2.3.1 55.03 368.71 423.74 OK
r-devel-linux-x86_64-fedora-clang 2.3.1 689.18 NOTE
r-devel-linux-x86_64-fedora-gcc 2.3.1 662.48 OK
r-devel-windows-ix86+x86_64 2.3.1 89.00 426.00 515.00 NOTE
r-devel-windows-ix86+x86_64-gcc8 2.3.1 96.00 600.00 696.00 NOTE
r-patched-linux-x86_64 2.3.1 55.57 458.83 514.40 OK
r-patched-solaris-x86 2.3.1 597.90 NOTE
r-release-linux-x86_64 2.3.1 60.09 457.60 517.69 OK
r-release-windows-ix86+x86_64 2.3.1 82.00 392.00 474.00 NOTE
r-release-osx-x86_64 2.3.1 NOTE
r-oldrel-windows-ix86+x86_64 2.3.1 71.00 362.00 433.00 NOTE
r-oldrel-osx-x86_64 2.3.1 NOTE

Check Details

Version: 2.3.1
Check: installed package size
Result: NOTE
     installed size is 9.7Mb
     sub-directories of 1Mb or more:
     R 2.3Mb
     doc 3.3Mb
     help 3.4Mb
Flavors: r-devel-linux-x86_64-fedora-clang, r-devel-windows-ix86+x86_64, r-devel-windows-ix86+x86_64-gcc8, r-patched-solaris-x86, r-release-windows-ix86+x86_64, r-release-osx-x86_64, r-oldrel-windows-ix86+x86_64, r-oldrel-osx-x86_64