CRAN Package Check Results for Package EvCombR

Last updated on 2019-08-26 00:47:23 CEST.

Flavor Version Tinstall Tcheck Ttotal Status Flags
r-devel-linux-x86_64-debian-clang 0.1-2 3.21 23.59 26.80 NOTE
r-devel-linux-x86_64-debian-gcc 0.1-2 2.63 19.34 21.97 NOTE
r-devel-linux-x86_64-fedora-clang 0.1-2 33.77 NOTE
r-devel-linux-x86_64-fedora-gcc 0.1-2 32.08 NOTE
r-devel-windows-ix86+x86_64 0.1-2 12.00 47.00 59.00 NOTE
r-patched-linux-x86_64 0.1-2 2.80 23.61 26.41 NOTE
r-patched-solaris-x86 0.1-2 50.40 NOTE
r-release-linux-x86_64 0.1-2 2.89 23.31 26.20 NOTE
r-release-windows-ix86+x86_64 0.1-2 8.00 51.00 59.00 NOTE
r-release-osx-x86_64 0.1-2 NOTE
r-oldrel-windows-ix86+x86_64 0.1-2 4.00 35.00 39.00 NOTE
r-oldrel-osx-x86_64 0.1-2 NOTE

Check Details

Version: 0.1-2
Check: DESCRIPTION meta-information
Result: NOTE
    Malformed Description field: should contain one or more complete sentences.
Flavors: r-devel-linux-x86_64-debian-clang, r-devel-linux-x86_64-debian-gcc, r-devel-linux-x86_64-fedora-clang, r-devel-linux-x86_64-fedora-gcc, r-devel-windows-ix86+x86_64, r-patched-linux-x86_64, r-patched-solaris-x86, r-release-linux-x86_64, r-release-windows-ix86+x86_64, r-release-osx-x86_64, r-oldrel-windows-ix86+x86_64, r-oldrel-osx-x86_64

Version: 0.1-2
Check: R code for possible problems
Result: NOTE
    powerSet : <anonymous>: no visible global function definition for
     'combn'
    Undefined global functions or variables:
     combn
    Consider adding
     importFrom("utils", "combn")
    to your NAMESPACE file.
Flavors: r-devel-linux-x86_64-debian-clang, r-devel-linux-x86_64-debian-gcc, r-devel-linux-x86_64-fedora-clang, r-devel-linux-x86_64-fedora-gcc, r-devel-windows-ix86+x86_64, r-patched-linux-x86_64, r-patched-solaris-x86, r-release-linux-x86_64, r-release-windows-ix86+x86_64, r-release-osx-x86_64, r-oldrel-windows-ix86+x86_64, r-oldrel-osx-x86_64