CRAN Package Check Results for Package EvCombR

Last updated on 2020-01-22 00:48:55 CET.

Flavor Version Tinstall Tcheck Ttotal Status Flags
r-devel-linux-x86_64-debian-clang 0.1-2 3.62 25.09 28.71 NOTE
r-devel-linux-x86_64-debian-gcc 0.1-2 2.93 19.82 22.75 NOTE
r-devel-linux-x86_64-fedora-clang 0.1-2 35.61 NOTE
r-devel-linux-x86_64-fedora-gcc 0.1-2 34.00 NOTE
r-devel-windows-ix86+x86_64 0.1-2 9.00 51.00 60.00 NOTE
r-devel-windows-ix86+x86_64-gcc8 0.1-2 7.00 37.00 44.00 NOTE
r-patched-linux-x86_64 0.1-2 2.67 23.35 26.02 NOTE
r-patched-solaris-x86 0.1-2 48.00 NOTE
r-release-linux-x86_64 0.1-2 2.77 23.01 25.78 NOTE
r-release-windows-ix86+x86_64 0.1-2 8.00 51.00 59.00 NOTE
r-release-osx-x86_64 0.1-2 NOTE
r-oldrel-windows-ix86+x86_64 0.1-2 4.00 35.00 39.00 NOTE
r-oldrel-osx-x86_64 0.1-2 NOTE

Check Details

Version: 0.1-2
Check: DESCRIPTION meta-information
Result: NOTE
    Malformed Description field: should contain one or more complete sentences.
Flavors: r-devel-linux-x86_64-debian-clang, r-devel-linux-x86_64-debian-gcc, r-devel-linux-x86_64-fedora-clang, r-devel-linux-x86_64-fedora-gcc, r-devel-windows-ix86+x86_64, r-devel-windows-ix86+x86_64-gcc8, r-patched-linux-x86_64, r-patched-solaris-x86, r-release-linux-x86_64, r-release-windows-ix86+x86_64, r-release-osx-x86_64, r-oldrel-windows-ix86+x86_64, r-oldrel-osx-x86_64

Version: 0.1-2
Check: R code for possible problems
Result: NOTE
    powerSet : <anonymous>: no visible global function definition for
     'combn'
    Undefined global functions or variables:
     combn
    Consider adding
     importFrom("utils", "combn")
    to your NAMESPACE file.
Flavors: r-devel-linux-x86_64-debian-clang, r-devel-linux-x86_64-debian-gcc, r-devel-linux-x86_64-fedora-clang, r-devel-linux-x86_64-fedora-gcc, r-devel-windows-ix86+x86_64, r-devel-windows-ix86+x86_64-gcc8, r-patched-linux-x86_64, r-patched-solaris-x86, r-release-linux-x86_64, r-release-windows-ix86+x86_64, r-release-osx-x86_64, r-oldrel-windows-ix86+x86_64, r-oldrel-osx-x86_64