CRAN Package Check Results for Package Evapotranspiration

Last updated on 2019-07-16 00:48:06 CEST.

Flavor Version Tinstall Tcheck Ttotal Status Flags
r-devel-linux-x86_64-debian-clang 1.14 12.19 60.20 72.39 NOTE
r-devel-linux-x86_64-debian-gcc 1.14 10.42 47.00 57.42 NOTE
r-devel-linux-x86_64-fedora-clang 1.14 91.16 NOTE
r-devel-linux-x86_64-fedora-gcc 1.14 85.45 NOTE
r-devel-windows-ix86+x86_64 1.14 23.00 71.00 94.00 OK
r-patched-linux-x86_64 1.14 11.38 61.39 72.77 OK
r-patched-solaris-x86 1.14 118.10 OK
r-release-linux-x86_64 1.14 11.58 61.37 72.95 OK
r-release-windows-ix86+x86_64 1.14 16.00 98.00 114.00 OK
r-release-osx-x86_64 1.14 OK
r-oldrel-windows-ix86+x86_64 1.14 19.00 90.00 109.00 OK
r-oldrel-osx-x86_64 1.14 OK

Check Details

Version: 1.14
Check: for non-standard things in the check directory
Result: NOTE
    Found the following files/directories:
     'ET_Abtew.csv' 'ET_BlaneyCriddle.csv' 'ET_BrutsaertStrickler.csv'
     'ET_ChapmanAustralian.csv' 'ET_GrangerGray.csv' 'ET_Hamon.csv'
     'ET_HargreavesSamani.csv' 'ET_JensenHaise.csv' 'ET_Linacre.csv'
     'ET_Makkink.csv' 'ET_MattShuttleworth.csv' 'ET_McGuinnessBordne.csv'
     'ET_MortonCRAE.csv' 'ET_MortonCRWE.csv' 'ET_PenPan.csv'
     'ET_Penman.csv' 'ET_PenmanMonteith.csv' 'ET_PriestleyTaylor.csv'
     'ET_Romanenko.csv' 'ET_SzilagyiJozsa.csv' 'ET_Turc.csv'
Flavors: r-devel-linux-x86_64-debian-clang, r-devel-linux-x86_64-debian-gcc, r-devel-linux-x86_64-fedora-clang, r-devel-linux-x86_64-fedora-gcc