CRAN Package Check Results for Package FastBandChol

Last updated on 2019-07-16 00:48:07 CEST.

Flavor Version Tinstall Tcheck Ttotal Status Flags
r-devel-linux-x86_64-debian-clang 0.1.1 19.85 22.91 42.76 OK
r-devel-linux-x86_64-debian-gcc 0.1.1 18.99 18.66 37.65 OK
r-devel-linux-x86_64-fedora-clang 0.1.1 64.36 NOTE
r-devel-linux-x86_64-fedora-gcc 0.1.1 60.87 NOTE
r-devel-windows-ix86+x86_64 0.1.1 60.00 57.00 117.00 OK
r-patched-linux-x86_64 0.1.1 24.30 23.11 47.41 OK
r-patched-solaris-x86 0.1.1 77.70 OK
r-release-linux-x86_64 0.1.1 23.38 22.97 46.35 OK
r-release-windows-ix86+x86_64 0.1.1 44.00 81.00 125.00 OK
r-release-osx-x86_64 0.1.1 OK
r-oldrel-windows-ix86+x86_64 0.1.1 57.00 57.00 114.00 OK
r-oldrel-osx-x86_64 0.1.1 OK

Check Details

Version: 0.1.1
Check: compiled code
Result: NOTE
    File ‘FastBandChol/libs/FastBandChol.so’:
     Found no calls to: ‘R_registerRoutines’, ‘R_useDynamicSymbols’
    
    It is good practice to register native routines and to disable symbol
    search.
    
    See ‘Writing portable packages’ in the ‘Writing R Extensions’ manual.
Flavors: r-devel-linux-x86_64-fedora-clang, r-devel-linux-x86_64-fedora-gcc