CRAN Package Check Results for Package FastBandChol

Last updated on 2019-10-23 00:47:50 CEST.

Flavor Version Tinstall Tcheck Ttotal Status Flags
r-devel-linux-x86_64-debian-clang 0.1.1 28.86 22.74 51.60 OK
r-devel-linux-x86_64-debian-gcc 0.1.1 21.23 18.34 39.57 OK
r-devel-linux-x86_64-fedora-clang 0.1.1 67.43 NOTE
r-devel-linux-x86_64-fedora-gcc 0.1.1 63.66 NOTE
r-devel-windows-ix86+x86_64 0.1.1 67.00 55.00 122.00 OK
r-patched-linux-x86_64 0.1.1 22.83 22.33 45.16 OK
r-patched-solaris-x86 0.1.1 76.30 OK
r-release-linux-x86_64 0.1.1 20.63 22.35 42.98 OK
r-release-windows-ix86+x86_64 0.1.1 162.00 59.00 221.00 OK
r-release-osx-x86_64 0.1.1 OK
r-oldrel-windows-ix86+x86_64 0.1.1 59.00 82.00 141.00 OK
r-oldrel-osx-x86_64 0.1.1 OK

Check Details

Version: 0.1.1
Check: compiled code
Result: NOTE
    File ‘FastBandChol/libs/FastBandChol.so’:
     Found no calls to: ‘R_registerRoutines’, ‘R_useDynamicSymbols’
    
    It is good practice to register native routines and to disable symbol
    search.
    
    See ‘Writing portable packages’ in the ‘Writing R Extensions’ manual.
Flavors: r-devel-linux-x86_64-fedora-clang, r-devel-linux-x86_64-fedora-gcc