CRAN Package Check Results for Package FastKM

Last updated on 2019-07-16 00:48:07 CEST.

Flavor Version Tinstall Tcheck Ttotal Status Flags
r-devel-linux-x86_64-debian-clang 1.0 6.90 55.05 61.95 NOTE
r-devel-linux-x86_64-debian-gcc 1.0 5.73 45.00 50.73 NOTE
r-devel-linux-x86_64-fedora-clang 1.0 77.31 NOTE
r-devel-linux-x86_64-fedora-gcc 1.0 71.69 NOTE
r-devel-windows-ix86+x86_64 1.0 20.00 62.00 82.00 NOTE
r-patched-linux-x86_64 1.0 7.18 56.85 64.03 NOTE
r-patched-solaris-x86 1.0 116.60 NOTE
r-release-linux-x86_64 1.0 5.82 55.17 60.99 NOTE
r-release-windows-ix86+x86_64 1.0 12.00 90.00 102.00 NOTE
r-release-osx-x86_64 1.0 NOTE
r-oldrel-windows-ix86+x86_64 1.0 10.00 62.00 72.00 NOTE
r-oldrel-osx-x86_64 1.0 NOTE

Check Details

Version: 1.0
Check: package dependencies
Result: NOTE
    Package suggested but not available for checking: 'coxKM'
Flavors: r-devel-linux-x86_64-debian-clang, r-devel-linux-x86_64-debian-gcc, r-devel-linux-x86_64-fedora-clang, r-devel-linux-x86_64-fedora-gcc, r-devel-windows-ix86+x86_64, r-patched-linux-x86_64, r-patched-solaris-x86, r-release-linux-x86_64, r-release-windows-ix86+x86_64, r-release-osx-x86_64, r-oldrel-windows-ix86+x86_64, r-oldrel-osx-x86_64