CRAN Package Check Results for Package FastKM

Last updated on 2019-10-15 00:49:54 CEST.

Flavor Version Tinstall Tcheck Ttotal Status Flags
r-devel-linux-x86_64-debian-clang 1.0 7.21 55.99 63.20 NOTE
r-devel-linux-x86_64-debian-gcc 1.0 6.45 44.49 50.94 NOTE
r-devel-linux-x86_64-fedora-clang 1.0 75.30 NOTE
r-devel-linux-x86_64-fedora-gcc 1.0 74.98 NOTE
r-devel-windows-ix86+x86_64 1.0 13.00 97.00 110.00 NOTE
r-patched-linux-x86_64 1.0 5.88 54.44 60.32 NOTE
r-patched-solaris-x86 1.0 112.90 NOTE
r-release-linux-x86_64 1.0 6.18 55.29 61.47 NOTE
r-release-windows-ix86+x86_64 1.0 19.00 63.00 82.00 NOTE
r-release-osx-x86_64 1.0 NOTE
r-oldrel-windows-ix86+x86_64 1.0 6.00 64.00 70.00 NOTE
r-oldrel-osx-x86_64 1.0 NOTE

Check Details

Version: 1.0
Check: package dependencies
Result: NOTE
    Package suggested but not available for checking: 'coxKM'
Flavors: r-devel-linux-x86_64-debian-clang, r-devel-linux-x86_64-debian-gcc, r-devel-linux-x86_64-fedora-clang, r-devel-linux-x86_64-fedora-gcc, r-devel-windows-ix86+x86_64, r-patched-linux-x86_64, r-patched-solaris-x86, r-release-linux-x86_64, r-release-windows-ix86+x86_64, r-release-osx-x86_64, r-oldrel-windows-ix86+x86_64, r-oldrel-osx-x86_64