CRAN Package Check Results for Package FeedbackTS

Last updated on 2019-06-26 00:47:24 CEST.

Flavor Version Tinstall Tcheck Ttotal Status Flags
r-devel-linux-x86_64-debian-clang 1.4 6.07 54.24 60.31 OK
r-devel-linux-x86_64-debian-gcc 1.4 5.37 43.12 48.49 OK
r-devel-linux-x86_64-fedora-clang 1.4 72.86 OK
r-devel-linux-x86_64-fedora-gcc 1.4 72.43 OK
r-devel-windows-ix86+x86_64 1.4 17.00 94.00 111.00 OK
r-patched-linux-x86_64 1.4 7.27 54.82 62.09 OK
r-patched-solaris-x86 1.4 120.50 OK
r-release-linux-x86_64 1.4 6.93 55.26 62.19 OK
r-release-windows-ix86+x86_64 1.4 11.00 142.00 153.00 OK
r-release-osx-x86_64 1.4 FAIL
r-oldrel-windows-ix86+x86_64 1.4 7.00 57.00 64.00 OK
r-oldrel-osx-x86_64 1.4 OK

Check Details

Version: 1.4
Check: whether package can be installed
Result: FAIL
    
Flavor: r-release-osx-x86_64