CRAN Package Check Results for Package FeedbackTS

Last updated on 2019-09-21 00:52:40 CEST.

Flavor Version Tinstall Tcheck Ttotal Status Flags
r-devel-linux-x86_64-debian-clang 1.4 6.97 53.37 60.34 OK
r-devel-linux-x86_64-debian-gcc 1.4 5.50 42.59 48.09 OK
r-devel-linux-x86_64-fedora-clang 1.4 74.40 OK
r-devel-linux-x86_64-fedora-gcc 1.4 72.69 OK
r-devel-windows-ix86+x86_64 1.4 21.00 95.00 116.00 OK
r-patched-linux-x86_64 1.4 6.73 53.60 60.33 OK
r-patched-solaris-x86 1.4 123.90 OK
r-release-linux-x86_64 1.4 6.83 54.44 61.27 OK
r-release-windows-ix86+x86_64 1.4 13.00 103.00 116.00 OK
r-release-osx-x86_64 1.4 FAIL
r-oldrel-windows-ix86+x86_64 1.4 7.00 68.00 75.00 OK
r-oldrel-osx-x86_64 1.4 OK

Check Details

Version: 1.4
Check: whether package can be installed
Result: FAIL
    
Flavor: r-release-osx-x86_64