CRAN Package Check Results for Package ForwardSearch

Last updated on 2019-09-22 00:47:38 CEST.

Flavor Version Tinstall Tcheck Ttotal Status Flags
r-devel-linux-x86_64-debian-clang 1.0 2.02 21.62 23.64 NOTE
r-devel-linux-x86_64-debian-gcc 1.0 1.78 17.91 19.69 NOTE
r-devel-linux-x86_64-fedora-clang 1.0 30.05 NOTE
r-devel-linux-x86_64-fedora-gcc 1.0 28.96 NOTE
r-devel-windows-ix86+x86_64 1.0 7.00 48.00 55.00 NOTE
r-patched-linux-x86_64 1.0 1.94 21.51 23.45 NOTE
r-patched-solaris-x86 1.0 47.20 NOTE
r-release-linux-x86_64 1.0 1.48 21.64 23.12 NOTE
r-release-windows-ix86+x86_64 1.0 4.00 34.00 38.00 NOTE
r-release-osx-x86_64 1.0 NOTE
r-oldrel-windows-ix86+x86_64 1.0 3.00 37.00 40.00 NOTE
r-oldrel-osx-x86_64 1.0 NOTE

Check Details

Version: 1.0
Check: R code for possible problems
Result: NOTE
    ForwardSearch.fit: no visible global function definition for 'glm.fit'
    ForwardSearch.plot: no visible global function definition for 'lines'
    ForwardSearch.pointwise.asymptotics: no visible global function
     definition for 'qnorm'
    ForwardSearch.pointwise.asymptotics: no visible global function
     definition for 'dnorm'
    Undefined global functions or variables:
     dnorm glm.fit lines qnorm
    Consider adding
     importFrom("graphics", "lines")
     importFrom("stats", "dnorm", "glm.fit", "qnorm")
    to your NAMESPACE file.
Flavors: r-devel-linux-x86_64-debian-clang, r-devel-linux-x86_64-debian-gcc, r-devel-linux-x86_64-fedora-clang, r-devel-linux-x86_64-fedora-gcc, r-devel-windows-ix86+x86_64, r-patched-linux-x86_64, r-patched-solaris-x86, r-release-linux-x86_64, r-release-windows-ix86+x86_64, r-release-osx-x86_64, r-oldrel-windows-ix86+x86_64, r-oldrel-osx-x86_64