CRAN Package Check Results for Package GCAI.bias

Last updated on 2019-09-21 00:52:41 CEST.

Flavor Version Tinstall Tcheck Ttotal Status Flags
r-devel-linux-x86_64-debian-clang 1.0 1.78 59.32 61.10 NOTE
r-devel-linux-x86_64-debian-gcc 1.0 1.64 40.83 42.47 NOTE
r-devel-linux-x86_64-fedora-clang 1.0 69.80 NOTE
r-devel-linux-x86_64-fedora-gcc 1.0 71.78 NOTE
r-devel-windows-ix86+x86_64 1.0 9.00 86.00 95.00 NOTE
r-patched-linux-x86_64 1.0 1.64 57.75 59.39 NOTE
r-patched-solaris-x86 1.0 103.70 NOTE
r-release-linux-x86_64 1.0 1.87 57.18 59.05 NOTE
r-release-windows-ix86+x86_64 1.0 6.00 96.00 102.00 NOTE
r-release-osx-x86_64 1.0 NOTE
r-oldrel-windows-ix86+x86_64 1.0 3.00 61.00 64.00 NOTE
r-oldrel-osx-x86_64 1.0 NOTE

Check Details

Version: 1.0
Check: R code for possible problems
Result: NOTE
    coeplot: no visible global function definition for 'plot'
    coeplot: no visible global function definition for 'axis'
    coeplot: no visible global function definition for 'lines'
    coeplot: no visible global function definition for 'title'
    coeplot: no visible global function definition for 'legend'
    corplot: no visible global function definition for 'par'
    corplot: no visible global function definition for 'pairs'
    corplot: no visible global function definition for 'strwidth'
    lm.estimate: no visible global function definition for 'as.formula'
    lm.estimate: no visible global function definition for 'glm'
    panel.cor: no visible global function definition for 'par'
    panel.cor: no visible global function definition for 'cor'
    panel.cor: no visible global function definition for 'strwidth'
    panel.cor: no visible global function definition for 'text'
    panel.smooth.r: no visible global function definition for 'par'
    panel.smooth.r: no visible global function definition for 'points'
    panel.smooth.r: no visible global function definition for 'lines'
    posplot: no visible global function definition for 'par'
    posplot: no visible global function definition for 'barplot'
    posplot: no visible global function definition for 'plot'
    posplot: no visible global function definition for 'points'
    Undefined global functions or variables:
     as.formula axis barplot cor glm legend lines pairs par plot points
     strwidth text title
    Consider adding
     importFrom("graphics", "axis", "barplot", "legend", "lines", "pairs",
     "par", "plot", "points", "strwidth", "text", "title")
     importFrom("stats", "as.formula", "cor", "glm")
    to your NAMESPACE file.
Flavors: r-devel-linux-x86_64-debian-clang, r-devel-linux-x86_64-debian-gcc, r-devel-linux-x86_64-fedora-clang, r-devel-linux-x86_64-fedora-gcc, r-devel-windows-ix86+x86_64, r-patched-linux-x86_64, r-patched-solaris-x86, r-release-linux-x86_64, r-release-windows-ix86+x86_64, r-release-osx-x86_64, r-oldrel-windows-ix86+x86_64, r-oldrel-osx-x86_64