CRAN Package Check Results for Package GCD

Last updated on 2019-09-21 00:52:41 CEST.

Flavor Version Tinstall Tcheck Ttotal Status Flags
r-devel-linux-x86_64-debian-clang 4.0.4 1.72 22.84 24.56 OK
r-devel-linux-x86_64-debian-gcc 4.0.4 1.43 18.95 20.38 OK
r-devel-linux-x86_64-fedora-clang 4.0.4 31.55 NOTE
r-devel-linux-x86_64-fedora-gcc 4.0.4 30.55 NOTE
r-devel-windows-ix86+x86_64 4.0.4 6.00 38.00 44.00 OK
r-patched-linux-x86_64 4.0.4 1.39 22.66 24.05 OK
r-patched-solaris-x86 4.0.4 50.20 NOTE
r-release-linux-x86_64 4.0.4 1.48 22.95 24.43 OK
r-release-windows-ix86+x86_64 4.0.4 5.00 62.00 67.00 OK
r-release-osx-x86_64 4.0.4 NOTE
r-oldrel-windows-ix86+x86_64 4.0.4 3.00 34.00 37.00 OK
r-oldrel-osx-x86_64 4.0.4 NOTE

Check Details

Version: 4.0.4
Check: data for non-ASCII characters
Result: NOTE
     Note: found 103 marked UTF-8 strings
Flavors: r-devel-linux-x86_64-fedora-clang, r-devel-linux-x86_64-fedora-gcc, r-patched-solaris-x86, r-release-osx-x86_64, r-oldrel-osx-x86_64