CRAN Package Check Results for Package GCPM

Last updated on 2019-07-16 00:48:08 CEST.

Flavor Version Tinstall Tcheck Ttotal Status Flags
r-devel-linux-x86_64-debian-clang 1.2.2 14.51 42.37 56.88 OK
r-devel-linux-x86_64-debian-gcc 1.2.2 13.06 34.01 47.07 OK
r-devel-linux-x86_64-fedora-clang 1.2.2 74.80 NOTE
r-devel-linux-x86_64-fedora-gcc 1.2.2 71.45 NOTE
r-devel-windows-ix86+x86_64 1.2.2 42.00 77.00 119.00 OK
r-patched-linux-x86_64 1.2.2 14.68 41.90 56.58 OK
r-patched-solaris-x86 1.2.2 108.30 OK
r-release-linux-x86_64 1.2.2 13.51 42.27 55.78 OK
r-release-windows-ix86+x86_64 1.2.2 31.00 117.00 148.00 OK
r-release-osx-x86_64 1.2.2 OK
r-oldrel-windows-ix86+x86_64 1.2.2 36.00 117.00 153.00 OK
r-oldrel-osx-x86_64 1.2.2 OK

Check Details

Version: 1.2.2
Check: compiled code
Result: NOTE
    File ‘GCPM/libs/GCPM.so’:
     Found no calls to: ‘R_registerRoutines’, ‘R_useDynamicSymbols’
    
    It is good practice to register native routines and to disable symbol
    search.
    
    See ‘Writing portable packages’ in the ‘Writing R Extensions’ manual.
Flavors: r-devel-linux-x86_64-fedora-clang, r-devel-linux-x86_64-fedora-gcc