CRAN Package Check Results for Package GCPM

Last updated on 2019-11-12 00:52:43 CET.

Flavor Version Tinstall Tcheck Ttotal Status Flags
r-devel-linux-x86_64-debian-clang 1.2.2 16.27 42.87 59.14 OK
r-devel-linux-x86_64-debian-gcc 1.2.2 13.26 33.54 46.80 OK
r-devel-linux-x86_64-fedora-clang 1.2.2 76.08 NOTE
r-devel-linux-x86_64-fedora-gcc 1.2.2 74.58 NOTE
r-devel-windows-ix86+x86_64 1.2.2 31.00 86.00 117.00 OK
r-patched-linux-x86_64 1.2.2 13.82 40.94 54.76 OK
r-patched-solaris-x86 1.2.2 102.80 OK
r-release-linux-x86_64 1.2.2 14.57 41.24 55.81 OK
r-release-windows-ix86+x86_64 1.2.2 42.00 118.00 160.00 OK
r-release-osx-x86_64 1.2.2 OK
r-oldrel-windows-ix86+x86_64 1.2.2 37.00 83.00 120.00 OK
r-oldrel-osx-x86_64 1.2.2 OK

Check Details

Version: 1.2.2
Check: compiled code
Result: NOTE
    File ‘GCPM/libs/GCPM.so’:
     Found no calls to: ‘R_registerRoutines’, ‘R_useDynamicSymbols’
    
    It is good practice to register native routines and to disable symbol
    search.
    
    See ‘Writing portable packages’ in the ‘Writing R Extensions’ manual.
Flavors: r-devel-linux-x86_64-fedora-clang, r-devel-linux-x86_64-fedora-gcc