CRAN Package Check Results for Package GPFDA

Last updated on 2019-06-26 00:47:28 CEST.

Flavor Version Tinstall Tcheck Ttotal Status Flags
r-devel-linux-x86_64-debian-clang 2.2 10.88 75.29 86.17 NOTE
r-devel-linux-x86_64-debian-gcc 2.2 9.44 60.57 70.01 NOTE
r-devel-linux-x86_64-fedora-clang 2.2 100.75 NOTE
r-devel-linux-x86_64-fedora-gcc 2.2 99.34 NOTE
r-devel-windows-ix86+x86_64 2.2 25.00 119.00 144.00 NOTE
r-patched-linux-x86_64 2.2 10.28 75.20 85.48 NOTE
r-patched-solaris-x86 2.2 156.60 NOTE
r-release-linux-x86_64 2.2 10.89 75.62 86.51 NOTE
r-release-windows-ix86+x86_64 2.2 19.00 116.00 135.00 NOTE
r-release-osx-x86_64 2.2 NOTE
r-oldrel-windows-ix86+x86_64 2.2 11.00 78.00 89.00 NOTE
r-oldrel-osx-x86_64 2.2 NOTE

Check Details

Version: 2.2
Check: R code for possible problems
Result: NOTE
    gpfr: no visible global function definition for 'rnorm'
    gpfr: no visible global function definition for 'runif'
    gpfrpred : <anonymous>: no visible global function definition for
     'predict'
    gpfrtrain: no visible global function definition for 'nlminb'
    gppredict: no visible global function definition for 'predict'
    gpr: no visible global function definition for 'rnorm'
    gpr: no visible global function definition for 'runif'
    gpr: no visible global function definition for 'lm'
    gpr: no visible global function definition for 'resid'
    gpr: no visible global function definition for 'nlminb'
    main1: no visible global function definition for 'lm'
    main1: no visible global function definition for 'resid'
    main2 : <anonymous>: no visible global function definition for
     'predict'
    main2: no visible global function definition for 'predict'
    main3: no visible global function definition for 'lm'
    main3: no visible global function definition for 'resid'
    plot.gpfr: no visible global function definition for 'polygon'
    plot.gpfr: no visible global function definition for 'rgb'
    plot.gpfr: no visible global function definition for 'matpoints'
    plot.gpfr: no visible global function definition for 'matlines'
    plot.gpfr: no visible global function definition for 'lines'
    plot.gpr: no visible global function definition for 'plot'
    plot.gpr: no visible global function definition for 'polygon'
    plot.gpr: no visible global function definition for 'rgb'
    plot.gpr: no visible global function definition for 'points'
    plot.gpr: no visible global function definition for 'lines'
    Undefined global functions or variables:
     lines lm matlines matpoints nlminb plot points polygon predict resid
     rgb rnorm runif
    Consider adding
     importFrom("grDevices", "rgb")
     importFrom("graphics", "lines", "matlines", "matpoints", "plot",
     "points", "polygon")
     importFrom("stats", "lm", "nlminb", "predict", "resid", "rnorm",
     "runif")
    to your NAMESPACE file.
Flavors: r-devel-linux-x86_64-debian-clang, r-devel-linux-x86_64-debian-gcc, r-devel-linux-x86_64-fedora-clang, r-devel-linux-x86_64-fedora-gcc, r-devel-windows-ix86+x86_64, r-patched-linux-x86_64, r-patched-solaris-x86, r-release-linux-x86_64, r-release-windows-ix86+x86_64, r-release-osx-x86_64, r-oldrel-windows-ix86+x86_64, r-oldrel-osx-x86_64