CRAN Package Check Results for Package GSE

Last updated on 2019-06-25 00:52:17 CEST.

Flavor Version Tinstall Tcheck Ttotal Status Flags
r-devel-linux-x86_64-debian-clang 4.2 72.23 58.75 130.98 OK
r-devel-linux-x86_64-debian-gcc 4.2 56.63 46.64 103.27 OK
r-devel-linux-x86_64-fedora-clang 4.2 194.86 NOTE
r-devel-linux-x86_64-fedora-gcc 4.2 170.32 OK
r-devel-windows-ix86+x86_64 4.2 184.00 142.00 326.00 OK
r-patched-linux-x86_64 4.2 66.29 57.76 124.05 OK
r-patched-solaris-x86 4.2 196.60 OK
r-release-linux-x86_64 4.2 66.98 58.80 125.78 OK
r-release-windows-ix86+x86_64 4.2 147.00 115.00 262.00 OK
r-release-osx-x86_64 4.2 OK
r-oldrel-windows-ix86+x86_64 4.2 128.00 94.00 222.00 OK
r-oldrel-osx-x86_64 4.2 OK

Check Details

Version: 4.2
Check: installed package size
Result: NOTE
     installed size is 5.1Mb
     sub-directories of 1Mb or more:
     libs 4.6Mb
Flavor: r-devel-linux-x86_64-fedora-clang