CRAN Package Check Results for Package GxM

Last updated on 2019-09-17 00:49:15 CEST.

Flavor Version Tinstall Tcheck Ttotal Status Flags
r-devel-linux-x86_64-debian-clang 1.1 4.96 42.17 47.13 NOTE
r-devel-linux-x86_64-debian-gcc 1.1 NOTE
r-devel-linux-x86_64-fedora-clang 1.1 58.77 NOTE
r-devel-linux-x86_64-fedora-gcc 1.1 57.11 NOTE
r-devel-windows-ix86+x86_64 1.1 15.00 55.00 70.00 NOTE
r-patched-linux-x86_64 1.1 5.41 41.69 47.10 NOTE
r-patched-solaris-x86 1.1 79.60 NOTE
r-release-linux-x86_64 1.1 5.28 42.36 47.64 NOTE
r-release-windows-ix86+x86_64 1.1 8.00 50.00 58.00 NOTE
r-release-osx-x86_64 1.1 NOTE
r-oldrel-windows-ix86+x86_64 1.1 10.00 53.00 63.00 NOTE
r-oldrel-osx-x86_64 1.1 NOTE

Check Details

Version: 1.1
Check: R code for possible problems
Result: NOTE
    GxMestimator: no visible global function definition for 'na.omit'
    initialization_chol: no visible global function definition for 'cov'
    initialization_corr: no visible global function definition for 'cov'
    initialization_nlmain: no visible global function definition for
     'lm.fit'
    print.summaryGxMclass: no visible global function definition for
     'pnorm'
    print.summaryGxMclass: no visible global function definition for
     'printCoefmat'
    Undefined global functions or variables:
     cov lm.fit na.omit pnorm printCoefmat
    Consider adding
     importFrom("stats", "cov", "lm.fit", "na.omit", "pnorm",
     "printCoefmat")
    to your NAMESPACE file.
Flavors: r-devel-linux-x86_64-debian-clang, r-devel-linux-x86_64-debian-gcc, r-devel-linux-x86_64-fedora-clang, r-devel-linux-x86_64-fedora-gcc, r-devel-windows-ix86+x86_64, r-patched-linux-x86_64, r-patched-solaris-x86, r-release-linux-x86_64, r-release-windows-ix86+x86_64, r-release-osx-x86_64, r-oldrel-windows-ix86+x86_64, r-oldrel-osx-x86_64