CRAN Package Check Results for Package HKprocess

Last updated on 2019-07-16 00:48:10 CEST.

Flavor Version Tinstall Tcheck Ttotal Status Flags
r-devel-linux-x86_64-debian-clang 0.0-2 8.70 60.50 69.20 NOTE
r-devel-linux-x86_64-debian-gcc 0.0-2 8.04 48.83 56.87 NOTE
r-devel-linux-x86_64-fedora-clang 0.0-2 83.68 NOTE
r-devel-linux-x86_64-fedora-gcc 0.0-2 82.00 NOTE
r-devel-windows-ix86+x86_64 0.0-2 40.00 99.00 139.00 OK
r-patched-linux-x86_64 0.0-2 8.26 62.97 71.23 NOTE
r-patched-solaris-x86 0.0-2 136.10 NOTE
r-release-linux-x86_64 0.0-2 9.21 61.02 70.23 NOTE
r-release-windows-ix86+x86_64 0.0-2 24.00 134.00 158.00 OK
r-release-osx-x86_64 0.0-2 NOTE
r-oldrel-windows-ix86+x86_64 0.0-2 28.00 124.00 152.00 OK
r-oldrel-osx-x86_64 0.0-2 OK

Check Details

Version: 0.0-2
Check: package dependencies
Result: NOTE
    Package suggested but not available for checking: 'FGN'
Flavors: r-devel-linux-x86_64-debian-clang, r-devel-linux-x86_64-debian-gcc, r-devel-linux-x86_64-fedora-clang, r-devel-linux-x86_64-fedora-gcc, r-patched-linux-x86_64, r-patched-solaris-x86, r-release-linux-x86_64, r-release-osx-x86_64

Version: 0.0-2
Check: compiled code
Result: NOTE
    File ‘HKprocess/libs/HKprocess.so’:
     Found no calls to: ‘R_registerRoutines’, ‘R_useDynamicSymbols’
    
    It is good practice to register native routines and to disable symbol
    search.
    
    See ‘Writing portable packages’ in the ‘Writing R Extensions’ manual.
Flavors: r-devel-linux-x86_64-fedora-clang, r-devel-linux-x86_64-fedora-gcc