CRAN Package Check Results for Package HMB

Last updated on 2019-07-16 00:48:10 CEST.

Flavor Version Tinstall Tcheck Ttotal Status Flags
r-devel-linux-x86_64-debian-clang 1.0 101.08 41.34 142.42 OK
r-devel-linux-x86_64-debian-gcc 1.0 82.59 33.32 115.91 OK
r-devel-linux-x86_64-fedora-clang 1.0 213.10 NOTE
r-devel-linux-x86_64-fedora-gcc 1.0 204.87 OK
r-devel-windows-ix86+x86_64 1.0 293.00 87.00 380.00 NOTE
r-patched-linux-x86_64 1.0 95.17 42.28 137.45 OK
r-patched-solaris-x86 1.0 250.00 OK
r-release-linux-x86_64 1.0 96.89 41.27 138.16 OK
r-release-windows-ix86+x86_64 1.0 245.00 110.00 355.00 NOTE
r-release-osx-x86_64 1.0 NOTE
r-oldrel-windows-ix86+x86_64 1.0 314.00 79.00 393.00 NOTE
r-oldrel-osx-x86_64 1.0 NOTE

Check Details

Version: 1.0
Check: installed package size
Result: NOTE
     installed size is 7.5Mb
     sub-directories of 1Mb or more:
     data 3.5Mb
     libs 3.8Mb
Flavors: r-devel-linux-x86_64-fedora-clang, r-devel-windows-ix86+x86_64, r-release-windows-ix86+x86_64, r-release-osx-x86_64, r-oldrel-windows-ix86+x86_64, r-oldrel-osx-x86_64