CRAN Package Check Results for Package HiLMM

Last updated on 2019-09-17 00:49:15 CEST.

Flavor Version Tinstall Tcheck Ttotal Status Flags
r-devel-linux-x86_64-debian-clang 1.1 2.14 23.32 25.46 NOTE
r-devel-linux-x86_64-debian-gcc 1.1 NOTE
r-devel-linux-x86_64-fedora-clang 1.1 32.95 NOTE
r-devel-linux-x86_64-fedora-gcc 1.1 31.98 NOTE
r-devel-windows-ix86+x86_64 1.1 9.00 53.00 62.00 NOTE
r-patched-linux-x86_64 1.1 1.79 22.99 24.78 NOTE
r-patched-solaris-x86 1.1 52.70 NOTE
r-release-linux-x86_64 1.1 1.89 24.32 26.21 NOTE
r-release-windows-ix86+x86_64 1.1 4.00 65.00 69.00 NOTE
r-release-osx-x86_64 1.1 NOTE
r-oldrel-windows-ix86+x86_64 1.1 3.00 35.00 38.00 NOTE
r-oldrel-osx-x86_64 1.1 NOTE

Check Details

Version: 1.1
Check: R code for possible problems
Result: NOTE
    data_simu: no visible global function definition for 'runif'
    data_simu: no visible global function definition for 'rbinom'
    data_simu: no visible global function definition for 'rnorm'
    Undefined global functions or variables:
     rbinom rnorm runif
    Consider adding
     importFrom("stats", "rbinom", "rnorm", "runif")
    to your NAMESPACE file.
Flavors: r-devel-linux-x86_64-debian-clang, r-devel-linux-x86_64-debian-gcc, r-devel-linux-x86_64-fedora-clang, r-devel-linux-x86_64-fedora-gcc, r-devel-windows-ix86+x86_64, r-patched-linux-x86_64, r-patched-solaris-x86, r-release-linux-x86_64, r-release-windows-ix86+x86_64, r-release-osx-x86_64, r-oldrel-windows-ix86+x86_64, r-oldrel-osx-x86_64