CRAN Package Check Results for Package HydeNet

Last updated on 2019-07-16 00:48:11 CEST.

Flavor Version Tinstall Tcheck Ttotal Status Flags
r-devel-linux-x86_64-debian-clang 0.10.9 8.07 93.94 102.01 OK
r-devel-linux-x86_64-debian-gcc 0.10.9 6.87 72.84 79.71 OK
r-devel-linux-x86_64-fedora-clang 0.10.9 119.39 OK
r-devel-linux-x86_64-fedora-gcc 0.10.9 115.37 OK
r-devel-windows-ix86+x86_64 0.10.9 21.00 151.00 172.00 WARN
r-patched-linux-x86_64 0.10.9 8.90 92.76 101.66 OK
r-patched-solaris-x86 0.10.9 198.10 OK
r-release-linux-x86_64 0.10.9 8.82 91.96 100.78 OK
r-release-windows-ix86+x86_64 0.10.9 12.00 175.00 187.00 WARN
r-release-osx-x86_64 0.10.9 OK
r-oldrel-windows-ix86+x86_64 0.10.9 15.00 135.00 150.00 WARN
r-oldrel-osx-x86_64 0.10.9 OK

Check Details

Version: 0.10.9
Check: re-building of vignette outputs
Result: WARN
    Error(s) in re-building vignettes:
    --- re-building 'DecisionNetworks.Rmd' using rmarkdown
    Warning in engine$weave(file, quiet = quiet, encoding = enc) :
     The vignette engine knitr::rmarkdown is not available, because the rmarkdown package is not installed. Please install it.
    Loading required package: nnet
    --- finished re-building 'DecisionNetworks.Rmd'
    
    --- re-building 'GettingStartedWithHydeNet.Rmd' using rmarkdown
    Warning in engine$weave(file, quiet = quiet, encoding = enc) :
     The vignette engine knitr::rmarkdown is not available, because the rmarkdown package is not installed. Please install it.
    --- finished re-building 'GettingStartedWithHydeNet.Rmd'
    
    --- re-building 'HydeNetPlots.Rmd' using rmarkdown
    Warning in engine$weave(file, quiet = quiet, encoding = enc) :
     The vignette engine knitr::rmarkdown is not available, because the rmarkdown package is not installed. Please install it.
    Quitting from lines 158-167 (HydeNetPlots.Rmd)
    Error: processing vignette 'HydeNetPlots.Rmd' failed with diagnostics:
    Blackjack rules URL does not exist. Find a new link
    --- failed re-building 'HydeNetPlots.Rmd'
    
    --- re-building 'WorkingWithHydeNetObjects.Rmd' using rmarkdown
    Warning in engine$weave(file, quiet = quiet, encoding = enc) :
     The vignette engine knitr::rmarkdown is not available, because the rmarkdown package is not installed. Please install it.
    --- finished re-building 'WorkingWithHydeNetObjects.Rmd'
    
    SUMMARY: processing the following file failed:
     'HydeNetPlots.Rmd'
    
    Error: Vignette re-building failed.
    Execution halted
Flavors: r-devel-windows-ix86+x86_64, r-release-windows-ix86+x86_64

Version: 0.10.9
Check: re-building of vignette outputs
Result: WARN
    Error in re-building vignettes:
     ...
    Warning in engine$weave(file, quiet = quiet, encoding = enc) :
     The vignette engine knitr::rmarkdown is not available, because the rmarkdown package is not installed. Please install it.
    Loading required package: nnet
    Warning in engine$weave(file, quiet = quiet, encoding = enc) :
     The vignette engine knitr::rmarkdown is not available, because the rmarkdown package is not installed. Please install it.
    Warning in engine$weave(file, quiet = quiet, encoding = enc) :
     The vignette engine knitr::rmarkdown is not available, because the rmarkdown package is not installed. Please install it.
    Quitting from lines 158-167 (HydeNetPlots.Rmd)
    Error: processing vignette 'HydeNetPlots.Rmd' failed with diagnostics:
    Blackjack rules URL does not exist. Find a new link
    Execution halted
Flavor: r-oldrel-windows-ix86+x86_64