CRAN Package Check Results for Package ICD10gm

Last updated on 2019-08-26 00:47:26 CEST.

Flavor Version Tinstall Tcheck Ttotal Status Flags
r-devel-linux-x86_64-debian-clang 1.0.4 25.44 145.58 171.02 OK
r-devel-linux-x86_64-debian-gcc 1.0.4 23.85 108.35 132.20 OK
r-devel-linux-x86_64-fedora-clang 1.0.4 210.33 NOTE
r-devel-linux-x86_64-fedora-gcc 1.0.4 205.73 NOTE
r-devel-windows-ix86+x86_64 1.0.4 50.00 182.00 232.00 NOTE
r-patched-linux-x86_64 1.0.4 26.96 139.93 166.89 OK
r-patched-solaris-x86 1.0.4 310.20 NOTE
r-release-linux-x86_64 1.0.4 25.02 139.79 164.81 OK
r-release-windows-ix86+x86_64 1.0.4 48.00 202.00 250.00 NOTE
r-release-osx-x86_64 1.0.4 NOTE
r-oldrel-windows-ix86+x86_64 1.0.4 42.00 182.00 224.00 NOTE
r-oldrel-osx-x86_64 1.0.4 NOTE

Check Details

Version: 1.0.4
Check: installed package size
Result: NOTE
     installed size is 7.6Mb
     sub-directories of 1Mb or more:
     data 6.8Mb
Flavors: r-devel-linux-x86_64-fedora-clang, r-devel-windows-ix86+x86_64, r-patched-solaris-x86, r-release-windows-ix86+x86_64, r-release-osx-x86_64, r-oldrel-windows-ix86+x86_64, r-oldrel-osx-x86_64

Version: 1.0.4
Check: data for non-ASCII characters
Result: NOTE
     Note: found 252690 marked UTF-8 strings
Flavors: r-devel-linux-x86_64-fedora-clang, r-devel-linux-x86_64-fedora-gcc, r-patched-solaris-x86, r-release-osx-x86_64, r-oldrel-osx-x86_64