CRAN Package Check Results for Package ICD10gm

Last updated on 2020-01-22 00:48:59 CET.

Flavor Version Tinstall Tcheck Ttotal Status Flags
r-devel-linux-x86_64-debian-clang 1.0.4 26.56 156.67 183.23 OK
r-devel-linux-x86_64-debian-gcc 1.0.4 27.54 115.70 143.24 OK
r-devel-linux-x86_64-fedora-clang 1.0.4 221.19 NOTE
r-devel-linux-x86_64-fedora-gcc 1.0.4 216.04 NOTE
r-devel-windows-ix86+x86_64 1.0.4 52.00 221.00 273.00 NOTE
r-devel-windows-ix86+x86_64-gcc8 1.0.4 50.00 215.00 265.00 NOTE
r-patched-linux-x86_64 1.0.4 23.91 137.00 160.91 OK
r-patched-solaris-x86 1.0.4 323.40 NOTE
r-release-linux-x86_64 1.0.4 21.79 138.10 159.89 OK
r-release-windows-ix86+x86_64 1.0.4 36.00 138.00 174.00 NOTE
r-release-osx-x86_64 1.0.4 NOTE
r-oldrel-windows-ix86+x86_64 1.0.4 30.00 134.00 164.00 NOTE
r-oldrel-osx-x86_64 1.0.4 NOTE

Check Details

Version: 1.0.4
Check: installed package size
Result: NOTE
     installed size is 7.6Mb
     sub-directories of 1Mb or more:
     data 6.8Mb
Flavors: r-devel-linux-x86_64-fedora-clang, r-devel-windows-ix86+x86_64, r-devel-windows-ix86+x86_64-gcc8, r-patched-solaris-x86, r-release-windows-ix86+x86_64, r-release-osx-x86_64, r-oldrel-windows-ix86+x86_64, r-oldrel-osx-x86_64

Version: 1.0.4
Check: data for non-ASCII characters
Result: NOTE
     Note: found 252690 marked UTF-8 strings
Flavors: r-devel-linux-x86_64-fedora-clang, r-devel-linux-x86_64-fedora-gcc, r-patched-solaris-x86, r-release-osx-x86_64, r-oldrel-osx-x86_64