CRAN Package Check Results for Package IPWboxplot

Last updated on 2019-07-24 00:47:35 CEST.

Flavor Version Tinstall Tcheck Ttotal Status Flags
r-devel-linux-x86_64-debian-clang 0.1.0 2.41 33.46 35.87 NOTE
r-devel-linux-x86_64-debian-gcc 0.1.0 1.80 26.80 28.60 NOTE
r-devel-linux-x86_64-fedora-clang 0.1.0 43.37 OK
r-devel-linux-x86_64-fedora-gcc 0.1.0 41.40 OK
r-devel-windows-ix86+x86_64 0.1.0 5.00 49.00 54.00 NOTE
r-patched-linux-x86_64 0.1.0 2.47 33.00 35.47 OK
r-patched-solaris-x86 0.1.0 57.70 OK
r-release-linux-x86_64 0.1.0 2.23 33.23 35.46 OK
r-release-windows-ix86+x86_64 0.1.0 6.00 44.00 50.00 OK
r-release-osx-x86_64 0.1.0 OK
r-oldrel-windows-ix86+x86_64 0.1.0 9.00 65.00 74.00 OK
r-oldrel-osx-x86_64 0.1.0 OK

Check Details

Version: 0.1.0
Check: package vignettes
Result: NOTE
    Package vignette with placeholder title 'Vignette Title':
     'my-vignette.Rmd'
Flavors: r-devel-linux-x86_64-debian-clang, r-devel-linux-x86_64-debian-gcc, r-devel-windows-ix86+x86_64