CRAN Package Check Results for Package IPWboxplot

Last updated on 2019-12-16 00:48:57 CET.

Flavor Version Tinstall Tcheck Ttotal Status Flags
r-devel-linux-x86_64-debian-clang 0.1.0 2.65 35.36 38.01 NOTE
r-devel-linux-x86_64-debian-gcc 0.1.0 2.27 26.90 29.17 NOTE
r-devel-linux-x86_64-fedora-clang 0.1.0 49.05 OK
r-devel-linux-x86_64-fedora-gcc 0.1.0 44.72 OK
r-devel-windows-ix86+x86_64 0.1.0 6.00 49.00 55.00 NOTE
r-devel-windows-ix86+x86_64-gcc8 0.1.0 7.00 72.00 79.00 NOTE
r-patched-linux-x86_64 0.1.0 1.69 32.01 33.70 OK
r-patched-solaris-x86 0.1.0 58.90 OK
r-release-linux-x86_64 0.1.0 2.49 31.81 34.30 OK
r-release-windows-ix86+x86_64 0.1.0 8.00 45.00 53.00 OK
r-release-osx-x86_64 0.1.0 OK
r-oldrel-windows-ix86+x86_64 0.1.0 3.00 44.00 47.00 OK
r-oldrel-osx-x86_64 0.1.0 OK

Check Details

Version: 0.1.0
Check: package vignettes
Result: NOTE
    Package vignette with placeholder title 'Vignette Title':
     'my-vignette.Rmd'
Flavors: r-devel-linux-x86_64-debian-clang, r-devel-linux-x86_64-debian-gcc, r-devel-windows-ix86+x86_64, r-devel-windows-ix86+x86_64-gcc8