CRAN Package Check Results for Package InfiniumPurify

Last updated on 2019-06-25 00:52:19 CEST.

Flavor Version Tinstall Tcheck Ttotal Status Flags
r-devel-linux-x86_64-debian-clang 1.3.1 1.99 35.50 37.49 OK
r-devel-linux-x86_64-debian-gcc 1.3.1 1.66 27.57 29.23 OK
r-devel-linux-x86_64-fedora-clang 1.3.1 42.42 OK
r-devel-linux-x86_64-fedora-gcc 1.3.1 40.58 OK
r-devel-windows-ix86+x86_64 1.3.1 8.00 67.00 75.00 OK
r-patched-linux-x86_64 1.3.1 2.08 35.04 37.12 OK
r-patched-solaris-x86 1.3.1 63.50 NOTE
r-release-linux-x86_64 1.3.1 2.09 35.62 37.71 OK
r-release-windows-ix86+x86_64 1.3.1 5.00 62.00 67.00 OK
r-release-osx-x86_64 1.3.1 NOTE
r-oldrel-windows-ix86+x86_64 1.3.1 3.00 43.00 46.00 OK
r-oldrel-osx-x86_64 1.3.1 NOTE

Check Details

Version: 1.3.1
Check: Rd cross-references
Result: NOTE
    Package unavailable to check Rd xrefs: ‘minfi’
Flavors: r-patched-solaris-x86, r-release-osx-x86_64, r-oldrel-osx-x86_64