CRAN Package Check Results for Package InfiniumPurify

Last updated on 2019-09-21 00:52:43 CEST.

Flavor Version Tinstall Tcheck Ttotal Status Flags
r-devel-linux-x86_64-debian-clang 1.3.1 2.29 34.63 36.92 OK
r-devel-linux-x86_64-debian-gcc 1.3.1 1.69 26.98 28.67 OK
r-devel-linux-x86_64-fedora-clang 1.3.1 42.72 OK
r-devel-linux-x86_64-fedora-gcc 1.3.1 41.68 OK
r-devel-windows-ix86+x86_64 1.3.1 7.00 45.00 52.00 OK
r-patched-linux-x86_64 1.3.1 2.09 34.36 36.45 OK
r-patched-solaris-x86 1.3.1 63.80 NOTE
r-release-linux-x86_64 1.3.1 1.84 35.17 37.01 OK
r-release-windows-ix86+x86_64 1.3.1 5.00 72.00 77.00 OK
r-release-osx-x86_64 1.3.1 NOTE
r-oldrel-windows-ix86+x86_64 1.3.1 3.00 45.00 48.00 OK
r-oldrel-osx-x86_64 1.3.1 NOTE

Check Details

Version: 1.3.1
Check: Rd cross-references
Result: NOTE
    Package unavailable to check Rd xrefs: ‘minfi’
Flavors: r-patched-solaris-x86, r-release-osx-x86_64, r-oldrel-osx-x86_64