CRAN Package Check Results for Package InterVA4

Last updated on 2019-09-21 00:52:43 CEST.

Flavor Version Tinstall Tcheck Ttotal Status Flags
r-devel-linux-x86_64-debian-clang 1.7.5 2.50 23.13 25.63 NOTE
r-devel-linux-x86_64-debian-gcc 1.7.5 2.06 19.54 21.60 NOTE
r-devel-linux-x86_64-fedora-clang 1.7.5 33.87 NOTE
r-devel-linux-x86_64-fedora-gcc 1.7.5 33.61 NOTE
r-devel-windows-ix86+x86_64 1.7.5 10.00 49.00 59.00 OK
r-patched-linux-x86_64 1.7.5 2.20 24.77 26.97 OK
r-patched-solaris-x86 1.7.5 50.20 OK
r-release-linux-x86_64 1.7.5 2.40 24.87 27.27 OK
r-release-windows-ix86+x86_64 1.7.5 4.00 55.00 59.00 OK
r-release-osx-x86_64 1.7.5 OK
r-oldrel-windows-ix86+x86_64 1.7.5 3.00 33.00 36.00 OK
r-oldrel-osx-x86_64 1.7.5 OK

Check Details

Version: 1.7.5
Check: for non-standard things in the check directory
Result: NOTE
    Found the following files/directories:
     'VA test'
Flavors: r-devel-linux-x86_64-debian-clang, r-devel-linux-x86_64-debian-gcc, r-devel-linux-x86_64-fedora-clang, r-devel-linux-x86_64-fedora-gcc