CRAN Package Check Results for Package JOUSBoost

Last updated on 2018-04-23 00:46:40 CEST.

Flavor Version Tinstall Tcheck Ttotal Status Flags
r-devel-linux-x86_64-debian-clang 2.1.0 12.01 47.17 59.18 OK
r-devel-linux-x86_64-debian-gcc 2.1.0 10.10 42.24 52.34 OK
r-devel-linux-x86_64-fedora-clang 2.1.0 90.34 NOTE
r-devel-linux-x86_64-fedora-gcc 2.1.0 86.87 NOTE
r-devel-windows-ix86+x86_64 2.1.0 36.00 91.00 127.00 OK
r-devel-osx-x86_64 2.1.0 NOTE
r-patched-linux-x86_64 2.1.0 14.07 50.92 64.99 OK
r-patched-solaris-x86 2.1.0 103.20 NOTE
r-release-linux-x86_64 2.1.0 13.89 50.44 64.33 OK
r-release-windows-ix86+x86_64 2.1.0 44.00 85.00 129.00 OK
r-release-osx-x86_64 2.1.0 WARN
r-oldrel-windows-ix86+x86_64 2.1.0 35.00 100.00 135.00 OK

Check Details

Version: 2.1.0
Check: dependencies in R code
Result: NOTE
    Namespace in Imports field not imported from: ‘doParallel’
     All declared Imports should be used.
Flavors: r-devel-linux-x86_64-fedora-clang, r-devel-linux-x86_64-fedora-gcc, r-devel-osx-x86_64, r-patched-solaris-x86, r-release-osx-x86_64

Version: 2.1.0
Check: re-building of vignette outputs
Result: WARN
    Error in re-building vignettes:
     ...
    Error in texi2dvi(file = file, pdf = TRUE, clean = clean, quiet = quiet, :
     Running 'texi2dvi' on 'JOUS.tex' failed.
    LaTeX errors:
    ! LaTeX Error: File `algorithm.sty' not found.
    
    Type X to quit or <RETURN> to proceed,
    or enter new name. (Default extension: sty)
    
    ! Emergency stop.
    <read *>
    
    l.10 \usepackage
     {algorithmicx}^^M
    ! ==> Fatal error occurred, no output PDF file produced!
    Calls: buildVignettes -> texi2pdf -> texi2dvi
    Execution halted
Flavor: r-release-osx-x86_64