CRAN Package Check Results for Package KFKSDS

Last updated on 2019-06-26 00:47:31 CEST.

Flavor Version Tinstall Tcheck Ttotal Status Flags
r-devel-linux-x86_64-debian-clang 1.6 8.96 32.92 41.88 NOTE
r-devel-linux-x86_64-debian-gcc 1.6 7.55 25.47 33.02 NOTE
r-devel-linux-x86_64-fedora-clang 1.6 51.41 NOTE
r-devel-linux-x86_64-fedora-gcc 1.6 49.56 NOTE
r-devel-windows-ix86+x86_64 1.6 31.00 86.00 117.00 NOTE
r-patched-linux-x86_64 1.6 7.33 32.68 40.01 NOTE
r-patched-solaris-x86 1.6 72.70 NOTE
r-release-linux-x86_64 1.6 9.14 32.88 42.02 NOTE
r-release-windows-ix86+x86_64 1.6 32.00 70.00 102.00 NOTE
r-release-osx-x86_64 1.6 NOTE
r-oldrel-windows-ix86+x86_64 1.6 18.00 62.00 80.00 NOTE
r-oldrel-osx-x86_64 1.6 NOTE

Check Details

Version: 1.6
Check: R code for possible problems
Result: NOTE
    DS: no visible global function definition for 'is.ts'
    DS: no visible global function definition for 'ts'
    DS: no visible global function definition for 'tsp<-'
    DS: no visible global function definition for 'tsp'
    KF: no visible global function definition for 'ts'
    KF: no visible global function definition for 'tsp<-'
    KF: no visible global function definition for 'tsp'
    KF.deriv: no visible global function definition for 'ts'
    KF.deriv: no visible global function definition for 'tsp<-'
    KF.deriv: no visible global function definition for 'tsp'
    KF.deriv.C: no visible global function definition for 'ts'
    KF.deriv.C: no visible global function definition for 'tsp<-'
    KF.deriv.C: no visible global function definition for 'tsp'
    KS: no visible global function definition for 'is.ts'
    KS: no visible global function definition for 'ts'
    KS: no visible global function definition for 'tsp<-'
    KS: no visible global function definition for 'tsp'
    KS.deriv: no visible global function definition for 'ts'
    KS.deriv: no visible global function definition for 'frequency'
    KS.deriv: no visible global function definition for 'end'
    KS.deriv: no visible global function definition for 'tsp<-'
    KS.deriv: no visible global function definition for 'tsp'
    KSDS: no visible global function definition for 'ts'
    KSDS: no visible global function definition for 'frequency'
    KSDS: no visible global function definition for 'end'
    KSDS: no visible global function definition for 'tsp<-'
    KSDS: no visible global function definition for 'tsp'
    KSDS.deriv: no visible global function definition for 'ts'
    KSDS.deriv: no visible global function definition for 'frequency'
    KSDS.deriv: no visible global function definition for 'end'
    KSDS.deriv: no visible global function definition for 'tsp<-'
    KSDS.deriv: no visible global function definition for 'tsp'
    KalmanFilter: no visible global function definition for 'ts'
    KalmanFilter: no visible global function definition for 'tsp<-'
    KalmanFilter: no visible global function definition for 'tsp'
    predict.stsmSS: no visible global function definition for 'frequency'
    predict.stsmSS: no visible global function definition for 'tsp'
    predict.stsmSS: no visible global function definition for 'ts'
    Undefined global functions or variables:
     end frequency is.ts ts tsp tsp<-
    Consider adding
     importFrom("stats", "end", "frequency", "is.ts", "ts", "tsp", "tsp<-")
    to your NAMESPACE file.
Flavors: r-devel-linux-x86_64-debian-clang, r-devel-linux-x86_64-debian-gcc, r-devel-linux-x86_64-fedora-clang, r-devel-linux-x86_64-fedora-gcc, r-devel-windows-ix86+x86_64, r-patched-linux-x86_64, r-patched-solaris-x86, r-release-linux-x86_64, r-release-windows-ix86+x86_64, r-release-osx-x86_64, r-oldrel-windows-ix86+x86_64, r-oldrel-osx-x86_64

Version: 1.6
Check: compiled code
Result: NOTE
    File ‘KFKSDS/libs/KFKSDS.so’:
     Found no calls to: ‘R_registerRoutines’, ‘R_useDynamicSymbols’
    
    It is good practice to register native routines and to disable symbol
    search.
    
    See ‘Writing portable packages’ in the ‘Writing R Extensions’ manual.
Flavors: r-devel-linux-x86_64-fedora-clang, r-devel-linux-x86_64-fedora-gcc

Version: 1.6
Check: package dependencies
Result: NOTE
    Package suggested but not available for checking: ‘FKF’
Flavor: r-oldrel-osx-x86_64