CRAN Package Check Results for Package KarsTS

Last updated on 2019-11-22 00:49:16 CET.

Flavor Version Tinstall Tcheck Ttotal Status Flags
r-devel-linux-x86_64-debian-clang 2.2 12.96 79.77 92.73 OK
r-devel-linux-x86_64-debian-gcc 2.2 14.94 63.26 78.20 OK
r-devel-linux-x86_64-fedora-clang 2.2 118.98 NOTE
r-devel-linux-x86_64-fedora-gcc 2.2 119.45 NOTE
r-devel-windows-ix86+x86_64 2.2 52.00 91.00 143.00 OK
r-devel-windows-ix86+x86_64-gcc8 2.2 28.00 88.00 116.00 OK
r-patched-linux-x86_64 2.2 12.00 76.98 88.98 OK
r-patched-solaris-x86 2.2 137.90 NOTE
r-release-linux-x86_64 2.2 11.43 76.71 88.14 OK
r-release-windows-ix86+x86_64 2.2 43.00 116.00 159.00 OK
r-release-osx-x86_64 2.2 FAIL
r-oldrel-windows-ix86+x86_64 2.2 18.00 83.00 101.00 OK
r-oldrel-osx-x86_64 2.2 NOTE

Check Details

Version: 2.2
Check: dependencies in R code
Result: NOTE
    Namespace in Imports field not imported from: ‘stinepack’
     All declared Imports should be used.
Flavors: r-devel-linux-x86_64-fedora-clang, r-devel-linux-x86_64-fedora-gcc, r-patched-solaris-x86, r-oldrel-osx-x86_64

Version: 2.2
Check: dependencies in R code
Result: FAIL
    
Flavor: r-release-osx-x86_64