CRAN Package Check Results for Package KraljicMatrix

Last updated on 2018-04-21 00:48:33 CEST.

Flavor Version Tinstall Tcheck Ttotal Status Flags
r-devel-linux-x86_64-debian-clang 0.2.1 1.77 39.12 40.89 OK
r-devel-linux-x86_64-debian-gcc 0.2.1 1.74 31.00 32.74 OK
r-devel-linux-x86_64-fedora-clang 0.2.1 48.89 NOTE
r-devel-linux-x86_64-fedora-gcc 0.2.1 47.77 NOTE
r-devel-windows-ix86+x86_64 0.2.1 7.00 59.00 66.00 OK
r-devel-osx-x86_64 0.2.1 NOTE
r-patched-linux-x86_64 0.2.1 2.19 38.15 40.34 OK
r-patched-solaris-x86 0.2.1 71.70 NOTE
r-release-linux-x86_64 0.2.1 1.36 45.27 46.63 OK
r-release-windows-ix86+x86_64 0.2.1 7.00 77.00 84.00 OK
r-release-osx-x86_64 0.2.1 NOTE
r-oldrel-windows-ix86+x86_64 0.2.1 7.00 64.00 71.00 OK

Check Details

Version: 0.2.1
Check: dependencies in R code
Result: NOTE
    Namespaces in Imports field not imported from:
     ‘dplyr’ ‘tibble’
     All declared Imports should be used.
Flavors: r-devel-linux-x86_64-fedora-clang, r-devel-linux-x86_64-fedora-gcc, r-devel-osx-x86_64, r-patched-solaris-x86, r-release-osx-x86_64