CRAN Package Check Results for Package KraljicMatrix

Last updated on 2019-01-19 00:46:30 CET.

Flavor Version Tinstall Tcheck Ttotal Status Flags
r-devel-linux-x86_64-debian-clang 0.2.1 2.56 46.74 49.30 OK
r-devel-linux-x86_64-debian-gcc 0.2.1 2.23 35.66 37.89 OK
r-devel-linux-x86_64-fedora-clang 0.2.1 56.28 NOTE
r-devel-linux-x86_64-fedora-gcc 0.2.1 53.46 NOTE
r-devel-windows-ix86+x86_64 0.2.1 9.00 82.00 91.00 OK
r-patched-linux-x86_64 0.2.1 2.52 43.82 46.34 OK
r-patched-solaris-x86 0.2.1 83.10 NOTE
r-release-linux-x86_64 0.2.1 2.07 42.69 44.76 OK
r-release-windows-ix86+x86_64 0.2.1 12.00 137.00 149.00 OK
r-release-osx-x86_64 0.2.1 NOTE
r-oldrel-windows-ix86+x86_64 0.2.1 10.00 88.00 98.00 OK
r-oldrel-osx-x86_64 0.2.1 NOTE

Check Details

Version: 0.2.1
Check: dependencies in R code
Result: NOTE
    Namespaces in Imports field not imported from:
     ‘dplyr’ ‘tibble’
     All declared Imports should be used.
Flavors: r-devel-linux-x86_64-fedora-clang, r-devel-linux-x86_64-fedora-gcc, r-patched-solaris-x86, r-release-osx-x86_64, r-oldrel-osx-x86_64