CRAN Package Check Results for Package KraljicMatrix

Last updated on 2018-01-24 00:47:02 CET.

Flavor Version Tinstall Tcheck Ttotal Status Flags
r-devel-linux-x86_64-debian-clang 0.2.0 1.24 47.93 49.17 OK
r-devel-linux-x86_64-debian-gcc 0.2.0 1.22 37.14 38.36 OK
r-devel-linux-x86_64-fedora-clang 0.2.0 58.08 NOTE
r-devel-linux-x86_64-fedora-gcc 0.2.0 56.27 NOTE
r-devel-windows-ix86+x86_64 0.2.0 10.00 82.00 92.00 OK
r-patched-linux-x86_64 0.2.0 1.83 46.64 48.47 OK
r-patched-solaris-x86 0.2.0 80.00 NOTE
r-release-linux-x86_64 0.2.0 1.39 47.17 48.56 OK
r-release-windows-ix86+x86_64 0.2.0 5.00 55.00 60.00 OK
r-release-osx-x86_64 0.2.0 NOTE
r-oldrel-windows-ix86+x86_64 0.2.0 6.00 45.00 51.00 OK
r-oldrel-osx-x86_64 0.2.0 NOTE

Check Details

Version: 0.2.0
Check: dependencies in R code
Result: NOTE
    Namespaces in Imports field not imported from:
     ‘dplyr’ ‘tibble’
     All declared Imports should be used.
Flavors: r-devel-linux-x86_64-fedora-clang, r-devel-linux-x86_64-fedora-gcc, r-patched-solaris-x86, r-release-osx-x86_64, r-oldrel-osx-x86_64