CRAN Package Check Results for Package KraljicMatrix

Last updated on 2018-10-18 00:48:12 CEST.

Flavor Version Tinstall Tcheck Ttotal Status Flags
r-devel-linux-x86_64-debian-clang 0.2.1 2.94 47.58 50.52 OK
r-devel-linux-x86_64-debian-gcc 0.2.1 2.16 38.10 40.26 OK
r-devel-linux-x86_64-fedora-clang 0.2.1 59.76 NOTE
r-devel-linux-x86_64-fedora-gcc 0.2.1 56.88 NOTE
r-devel-windows-ix86+x86_64 0.2.1 10.00 84.00 94.00 OK
r-patched-linux-x86_64 0.2.1 2.24 41.91 44.15 OK
r-patched-solaris-x86 0.2.1 80.30 NOTE
r-release-linux-x86_64 0.2.1 2.84 42.37 45.21 OK
r-release-windows-ix86+x86_64 0.2.1 9.00 74.00 83.00 OK
r-release-osx-x86_64 0.2.1 NOTE
r-oldrel-windows-ix86+x86_64 0.2.1 9.00 90.00 99.00 OK
r-oldrel-osx-x86_64 0.2.1 NOTE

Check Details

Version: 0.2.1
Check: dependencies in R code
Result: NOTE
    Namespaces in Imports field not imported from:
     ‘dplyr’ ‘tibble’
     All declared Imports should be used.
Flavors: r-devel-linux-x86_64-fedora-clang, r-devel-linux-x86_64-fedora-gcc, r-patched-solaris-x86, r-release-osx-x86_64, r-oldrel-osx-x86_64