CRAN Package Check Results for Package KraljicMatrix

Last updated on 2018-07-17 00:52:48 CEST.

Flavor Version Tinstall Tcheck Ttotal Status Flags
r-devel-linux-x86_64-debian-clang 0.2.1 3.00 42.38 45.38 OK
r-devel-linux-x86_64-debian-gcc 0.2.1 2.39 37.14 39.53 OK
r-devel-linux-x86_64-fedora-clang 0.2.1 56.55 NOTE
r-devel-linux-x86_64-fedora-gcc 0.2.1 57.98 NOTE
r-devel-windows-ix86+x86_64 0.2.1 10.00 64.00 74.00 OK
r-patched-linux-x86_64 0.2.1 2.70 42.97 45.67 OK
r-patched-solaris-x86 0.2.1 83.70 NOTE
r-release-linux-x86_64 0.2.1 2.13 42.28 44.41 OK
r-release-windows-ix86+x86_64 0.2.1 8.00 81.00 89.00 OK
r-release-osx-x86_64 0.2.1 NOTE
r-oldrel-windows-ix86+x86_64 0.2.1 7.00 62.00 69.00 OK
r-oldrel-osx-x86_64 0.2.1 NOTE

Check Details

Version: 0.2.1
Check: dependencies in R code
Result: NOTE
    Namespaces in Imports field not imported from:
     ‘dplyr’ ‘tibble’
     All declared Imports should be used.
Flavors: r-devel-linux-x86_64-fedora-clang, r-devel-linux-x86_64-fedora-gcc, r-patched-solaris-x86, r-release-osx-x86_64, r-oldrel-osx-x86_64