CRAN Package Check Results for Package L0Learn

Last updated on 2019-07-16 00:48:13 CEST.

Flavor Version Tinstall Tcheck Ttotal Status Flags
r-devel-linux-x86_64-debian-clang 1.1.0 236.19 88.54 324.73 OK
r-devel-linux-x86_64-debian-gcc 1.1.0 191.18 70.24 261.42 OK
r-devel-linux-x86_64-fedora-clang 1.1.0 488.56 NOTE
r-devel-linux-x86_64-fedora-gcc 1.1.0 475.10 OK
r-devel-windows-ix86+x86_64 1.1.0 645.00 203.00 848.00 NOTE
r-patched-linux-x86_64 1.1.0 221.80 86.93 308.73 OK
r-patched-solaris-x86 1.1.0 488.50 OK
r-release-linux-x86_64 1.1.0 224.38 85.59 309.97 OK
r-release-windows-ix86+x86_64 1.1.0 472.00 254.00 726.00 NOTE
r-release-osx-x86_64 1.1.0 NOTE
r-oldrel-windows-ix86+x86_64 1.1.0 612.00 175.00 787.00 NOTE
r-oldrel-osx-x86_64 1.1.0 NOTE

Check Details

Version: 1.1.0
Check: installed package size
Result: NOTE
     installed size is 16.7Mb
     sub-directories of 1Mb or more:
     doc 2.7Mb
     libs 13.9Mb
Flavors: r-devel-linux-x86_64-fedora-clang, r-devel-windows-ix86+x86_64, r-release-windows-ix86+x86_64, r-release-osx-x86_64, r-oldrel-windows-ix86+x86_64, r-oldrel-osx-x86_64