CRAN Package Check Results for Package L0Learn

Last updated on 2019-12-16 00:48:58 CET.

Flavor Version Tinstall Tcheck Ttotal Status Flags
r-devel-linux-x86_64-debian-clang 1.2.0 285.18 110.91 396.09 OK
r-devel-linux-x86_64-debian-gcc 1.2.0 195.14 159.65 354.79 OK
r-devel-linux-x86_64-fedora-clang 1.2.0 566.94 NOTE
r-devel-linux-x86_64-fedora-gcc 1.2.0 518.99 OK
r-devel-windows-ix86+x86_64 1.2.0 490.00 214.00 704.00 NOTE
r-devel-windows-ix86+x86_64-gcc8 1.2.0 533.00 280.00 813.00 NOTE
r-patched-linux-x86_64 1.2.0 224.56 169.98 394.54 OK
r-patched-solaris-x86 1.2.0 521.30 OK
r-release-linux-x86_64 1.2.0 217.59 184.24 401.83 OK
r-release-windows-ix86+x86_64 1.2.0 491.00 198.00 689.00 NOTE
r-release-osx-x86_64 1.2.0 NOTE
r-oldrel-windows-ix86+x86_64 1.2.0 470.00 189.00 659.00 NOTE
r-oldrel-osx-x86_64 1.2.0 NOTE

Check Details

Version: 1.2.0
Check: installed package size
Result: NOTE
     installed size is 18.3Mb
     sub-directories of 1Mb or more:
     doc 2.4Mb
     libs 15.7Mb
Flavors: r-devel-linux-x86_64-fedora-clang, r-devel-windows-ix86+x86_64, r-devel-windows-ix86+x86_64-gcc8, r-release-windows-ix86+x86_64, r-release-osx-x86_64, r-oldrel-windows-ix86+x86_64, r-oldrel-osx-x86_64