CRAN Package Check Results for Package LLSR

Last updated on 2019-09-21 00:52:44 CEST.

Flavor Version Tinstall Tcheck Ttotal Status Flags
r-devel-linux-x86_64-debian-clang 0.0.2.19 9.12 63.43 72.55 OK
r-devel-linux-x86_64-debian-gcc 0.0.2.19 7.90 49.38 57.28 OK
r-devel-linux-x86_64-fedora-clang 0.0.2.19 88.53 NOTE
r-devel-linux-x86_64-fedora-gcc 0.0.2.19 86.97 NOTE
r-devel-windows-ix86+x86_64 0.0.2.19 23.00 7.00 30.00 ERROR
r-patched-linux-x86_64 0.0.2.19 8.14 61.41 69.55 OK
r-patched-solaris-x86 0.0.2.19 128.30 NOTE
r-release-linux-x86_64 0.0.2.19 8.33 61.56 69.89 OK
r-release-windows-ix86+x86_64 0.0.2.19 18.00 77.00 95.00 OK
r-release-osx-x86_64 0.0.2.19 NOTE
r-oldrel-windows-ix86+x86_64 0.0.2.19 10.00 71.00 81.00 OK
r-oldrel-osx-x86_64 0.0.2.19 NOTE

Check Details

Version: 0.0.2.19
Check: data for non-ASCII characters
Result: NOTE
     Note: found 109 marked UTF-8 strings
Flavors: r-devel-linux-x86_64-fedora-clang, r-devel-linux-x86_64-fedora-gcc, r-patched-solaris-x86, r-release-osx-x86_64, r-oldrel-osx-x86_64

Version: 0.0.2.19
Check: whether package can be installed
Result: ERROR
    Installation failed.
Flavor: r-devel-windows-ix86+x86_64