CRAN Package Check Results for Package LLSR

Last updated on 2019-06-26 00:47:32 CEST.

Flavor Version Tinstall Tcheck Ttotal Status Flags
r-devel-linux-x86_64-debian-clang 0.0.2.19 8.47 65.02 73.49 OK
r-devel-linux-x86_64-debian-gcc 0.0.2.19 6.86 50.58 57.44 OK
r-devel-linux-x86_64-fedora-clang 0.0.2.19 86.78 NOTE
r-devel-linux-x86_64-fedora-gcc 0.0.2.19 82.62 NOTE
r-devel-windows-ix86+x86_64 0.0.2.19 30.00 109.00 139.00 OK
r-patched-linux-x86_64 0.0.2.19 7.70 62.90 70.60 OK
r-patched-solaris-x86 0.0.2.19 136.90 NOTE
r-release-linux-x86_64 0.0.2.19 9.21 63.21 72.42 OK
r-release-windows-ix86+x86_64 0.0.2.19 18.00 88.00 106.00 OK
r-release-osx-x86_64 0.0.2.19 NOTE
r-oldrel-windows-ix86+x86_64 0.0.2.19 12.00 72.00 84.00 OK
r-oldrel-osx-x86_64 0.0.2.19 NOTE

Check Details

Version: 0.0.2.19
Check: data for non-ASCII characters
Result: NOTE
     Note: found 109 marked UTF-8 strings
Flavors: r-devel-linux-x86_64-fedora-clang, r-devel-linux-x86_64-fedora-gcc, r-patched-solaris-x86, r-release-osx-x86_64, r-oldrel-osx-x86_64