CRAN Package Check Results for Package LN0SCIs

Last updated on 2020-04-01 00:48:47 CEST.

Flavor Version Tinstall Tcheck Ttotal Status Flags
r-devel-linux-x86_64-debian-clang 0.1.5 2.38 30.62 33.00 NOTE
r-devel-linux-x86_64-debian-gcc 0.1.5 1.93 23.85 25.78 NOTE
r-devel-linux-x86_64-fedora-clang 0.1.5 40.10 OK
r-devel-linux-x86_64-fedora-gcc 0.1.5 39.63 OK
r-devel-windows-ix86+x86_64 0.1.5 7.00 41.00 48.00 NOTE
r-devel-windows-ix86+x86_64-gcc8 0.1.5 6.00 42.00 48.00 NOTE
r-patched-linux-x86_64 0.1.5 2.30 29.55 31.85 NOTE
r-patched-solaris-x86 0.1.5 53.30 OK
r-release-linux-x86_64 0.1.5 1.89 28.14 30.03 OK
r-release-windows-ix86+x86_64 0.1.5 8.00 54.00 62.00 OK
r-release-osx-x86_64 0.1.5 OK
r-oldrel-windows-ix86+x86_64 0.1.5 4.00 55.00 59.00 OK
r-oldrel-osx-x86_64 0.1.5 OK

Check Details

Version: 0.1.5
Check: package vignettes
Result: NOTE
    Package vignette with placeholder title 'Vignette Title':
     'LN0SCIs-tutorial.Rmd'
Flavors: r-devel-linux-x86_64-debian-clang, r-devel-linux-x86_64-debian-gcc, r-devel-windows-ix86+x86_64, r-devel-windows-ix86+x86_64-gcc8, r-patched-linux-x86_64