CRAN Package Check Results for Package LOGAN

Last updated on 2019-07-16 00:48:14 CEST.

Flavor Version Tinstall Tcheck Ttotal Status Flags
r-devel-linux-x86_64-debian-clang 1.0.0 3.29 27.35 30.64 OK
r-devel-linux-x86_64-debian-gcc 1.0.0 2.84 25.72 28.56 OK
r-devel-linux-x86_64-fedora-clang 1.0.0 41.88 NOTE
r-devel-linux-x86_64-fedora-gcc 1.0.0 41.48 NOTE
r-devel-windows-ix86+x86_64 1.0.0 9.00 69.00 78.00 OK
r-patched-linux-x86_64 1.0.0 3.47 30.90 34.37 OK
r-patched-solaris-x86 1.0.0 69.80 NOTE
r-release-linux-x86_64 1.0.0 3.06 31.29 34.35 OK
r-release-windows-ix86+x86_64 1.0.0 7.00 68.00 75.00 OK
r-release-osx-x86_64 1.0.0 NOTE
r-oldrel-windows-ix86+x86_64 1.0.0 8.00 55.00 63.00 OK
r-oldrel-osx-x86_64 1.0.0 NOTE

Check Details

Version: 1.0.0
Check: dependencies in R code
Result: NOTE
    Namespace in Imports field not imported from: ‘modules’
     All declared Imports should be used.
Flavors: r-devel-linux-x86_64-fedora-clang, r-devel-linux-x86_64-fedora-gcc, r-patched-solaris-x86, r-release-osx-x86_64, r-oldrel-osx-x86_64