CRAN Package Check Results for Package LOGAN

Last updated on 2019-10-23 00:47:54 CEST.

Flavor Version Tinstall Tcheck Ttotal Status Flags
r-devel-linux-x86_64-debian-clang 1.0.0 3.81 26.86 30.67 OK
r-devel-linux-x86_64-debian-gcc 1.0.0 3.20 25.06 28.26 OK
r-devel-linux-x86_64-fedora-clang 1.0.0 42.33 NOTE
r-devel-linux-x86_64-fedora-gcc 1.0.0 41.20 NOTE
r-devel-windows-ix86+x86_64 1.0.0 8.00 39.00 47.00 OK
r-patched-linux-x86_64 1.0.0 3.24 30.82 34.06 OK
r-patched-solaris-x86 1.0.0 62.20 NOTE
r-release-linux-x86_64 1.0.0 2.89 30.92 33.81 OK
r-release-windows-ix86+x86_64 1.0.0 9.00 42.00 51.00 OK
r-release-osx-x86_64 1.0.0 NOTE
r-oldrel-windows-ix86+x86_64 1.0.0 8.00 56.00 64.00 OK
r-oldrel-osx-x86_64 1.0.0 NOTE

Check Details

Version: 1.0.0
Check: dependencies in R code
Result: NOTE
    Namespace in Imports field not imported from: ‘modules’
     All declared Imports should be used.
Flavors: r-devel-linux-x86_64-fedora-clang, r-devel-linux-x86_64-fedora-gcc, r-patched-solaris-x86, r-release-osx-x86_64, r-oldrel-osx-x86_64