CRAN Package Check Results for Package LexisNexisTools

Last updated on 2019-08-20 00:50:49 CEST.

Flavor Version Tinstall Tcheck Ttotal Status Flags
r-devel-linux-x86_64-debian-clang 0.2.3 11.68 156.78 168.46 WARN
r-devel-linux-x86_64-debian-gcc 0.2.3 9.32 116.29 125.61 OK
r-devel-linux-x86_64-fedora-clang 0.2.3 200.54 OK
r-devel-linux-x86_64-fedora-gcc 0.2.3 198.60 OK
r-devel-windows-ix86+x86_64 0.2.3 33.00 215.00 248.00 OK
r-patched-linux-x86_64 0.2.3 11.65 151.27 162.92 OK
r-patched-solaris-x86 0.2.3 542.70 OK
r-release-linux-x86_64 0.2.3 9.59 149.88 159.47 OK
r-release-windows-ix86+x86_64 0.2.3 3.00 6.00 9.00 ERROR
r-release-osx-x86_64 0.2.3 OK
r-oldrel-windows-ix86+x86_64 0.2.3 25.00 219.00 244.00 OK
r-oldrel-osx-x86_64 0.2.3 OK

Check Details

Version: 0.2.3
Check: re-building of vignette outputs
Result: WARN
    Error(s) in re-building vignettes:
     ...
    --- re-building 'demo.Rmd' using rmarkdown
    LexisNexisTools Version 0.2.3
    Creating LNToutput from 1 file...
     ...files loaded [0.0043 secs]
     ...articles split [0.019 secs]
     ...lengths extracted [0.021 secs]
     ...newspapers extracted [0.022 secs]
     ...dates extracted [0.028 secs]
     ...authors extracted [0.03 secs]
     ...sections extracted [0.031 secs]
     ...editions extracted [0.033 secs]
     ...headlines extracted [0.038 secs]
     ...dates converted [0.052 secs]
     ...metadata extracted [0.06 secs]
     ...article texts extracted [0.066 secs]
     ...paragraphs extracted [0.089 secs]
     ...superfluous whitespace removed from articles [0.094 secs]
     ...superfluous whitespace removed from paragraphs [0.10 secs]
    Elapsed time: 0.10 secs
    
    Attaching package: 'dplyr'
    
    The following object is masked from 'package:kableExtra':
    
     group_rows
    
    The following objects are masked from 'package:stats':
    
     filter, lag
    
    The following objects are masked from 'package:base':
    
     intersect, setdiff, setequal, union
    
    Checking similiarity for 10 articles over 4 dates...
     ...quanteda dfm construced for similarity comparison [0.19 secs].
    
     ...processing date 2010-01-08: 0 duplicates found [0.19 secs].
     ...processing date 2010-01-09: 0 duplicates found [0.19 secs].
     ...processing date 2010-01-10: 0 duplicates found [0.38 secs].
     ...processing date 2010-01-11: 5 duplicates found [6.36 secs].
    Threshold = 0.97; 4 days processed; 5 duplicates found; in 6.36 secs
    Could not fetch https://preview.ibb.co/fOfNdb/LN.png
    HttpExceptionRequest Request {
     host = "preview.ibb.co"
     port = 443
     secure = True
     requestHeaders = []
     path = "/fOfNdb/LN.png"
     queryString = ""
     method = "GET"
     proxy = Nothing
     rawBody = False
     redirectCount = 10
     responseTimeout = ResponseTimeoutDefault
     requestVersion = HTTP/1.1
    }
     ResponseTimeout
    Error: processing vignette 'demo.Rmd' failed with diagnostics:
    pandoc document conversion failed with error 61
    --- failed re-building 'demo.Rmd'
    
    SUMMARY: processing the following file failed:
     'demo.Rmd'
    
    Error: Vignette re-building failed.
    Execution halted
Flavor: r-devel-linux-x86_64-debian-clang

Version: 0.2.3
Check: whether package can be installed
Result: ERROR
    Installation failed.
Flavor: r-release-windows-ix86+x86_64