CRAN Package Check Results for Package LiblineaR.ACF

Last updated on 2020-02-20 00:54:17 CET.

Flavor Version Tinstall Tcheck Ttotal Status Flags
r-devel-linux-x86_64-debian-clang 1.94-2 5.79 27.00 32.79 OK
r-devel-linux-x86_64-debian-gcc 1.94-2 3.77 22.15 25.92 OK
r-devel-linux-x86_64-fedora-clang 1.94-2 42.33 NOTE
r-devel-linux-x86_64-fedora-gcc 1.94-2 40.63 NOTE
r-devel-windows-ix86+x86_64 1.94-2 16.00 65.00 81.00 OK
r-devel-windows-ix86+x86_64-gcc8 1.94-2 20.00 84.00 104.00 OK
r-patched-linux-x86_64 1.94-2 4.36 25.65 30.01 OK
r-patched-solaris-x86 1.94-2 68.20 OK
r-release-linux-x86_64 1.94-2 4.55 26.31 30.86 OK
r-release-windows-ix86+x86_64 1.94-2 15.00 55.00 70.00 OK
r-release-osx-x86_64 1.94-2 OK
r-oldrel-windows-ix86+x86_64 1.94-2 15.00 59.00 74.00 OK
r-oldrel-osx-x86_64 1.94-2 OK

Check Details

Version: 1.94-2
Check: compiled code
Result: NOTE
    File ‘LiblineaR.ACF/libs/LiblineaR.ACF.so’:
     Found no calls to: ‘R_registerRoutines’, ‘R_useDynamicSymbols’
    
    It is good practice to register native routines and to disable symbol
    search.
    
    See ‘Writing portable packages’ in the ‘Writing R Extensions’ manual.
Flavors: r-devel-linux-x86_64-fedora-clang, r-devel-linux-x86_64-fedora-gcc