CRAN Package Check Results for Package LiblineaR.ACF

Last updated on 2019-09-21 00:52:44 CEST.

Flavor Version Tinstall Tcheck Ttotal Status Flags
r-devel-linux-x86_64-debian-clang 1.94-2 5.63 23.81 29.44 OK
r-devel-linux-x86_64-debian-gcc 1.94-2 4.03 20.24 24.27 OK
r-devel-linux-x86_64-fedora-clang 1.94-2 37.87 NOTE
r-devel-linux-x86_64-fedora-gcc 1.94-2 37.34 NOTE
r-devel-windows-ix86+x86_64 1.94-2 22.00 54.00 76.00 OK
r-patched-linux-x86_64 1.94-2 4.14 24.88 29.02 OK
r-patched-solaris-x86 1.94-2 67.20 OK
r-release-linux-x86_64 1.94-2 4.17 24.87 29.04 OK
r-release-windows-ix86+x86_64 1.94-2 16.00 59.00 75.00 OK
r-release-osx-x86_64 1.94-2 OK
r-oldrel-windows-ix86+x86_64 1.94-2 14.00 57.00 71.00 OK
r-oldrel-osx-x86_64 1.94-2 OK

Check Details

Version: 1.94-2
Check: compiled code
Result: NOTE
    File ‘LiblineaR.ACF/libs/LiblineaR.ACF.so’:
     Found no calls to: ‘R_registerRoutines’, ‘R_useDynamicSymbols’
    
    It is good practice to register native routines and to disable symbol
    search.
    
    See ‘Writing portable packages’ in the ‘Writing R Extensions’ manual.
Flavors: r-devel-linux-x86_64-fedora-clang, r-devel-linux-x86_64-fedora-gcc