CRAN Package Check Results for Package MAMSE

Last updated on 2020-01-22 00:49:01 CET.

Flavor Version Tinstall Tcheck Ttotal Status Flags
r-devel-linux-x86_64-debian-clang 0.2-1 2.84 23.42 26.26 OK
r-devel-linux-x86_64-debian-gcc 0.2-1 2.56 18.51 21.07 OK
r-devel-linux-x86_64-fedora-clang 0.2-1 33.27 NOTE
r-devel-linux-x86_64-fedora-gcc 0.2-1 32.34 NOTE
r-devel-windows-ix86+x86_64 0.2-1 13.00 60.00 73.00 OK
r-devel-windows-ix86+x86_64-gcc8 0.2-1 9.00 44.00 53.00 OK
r-patched-linux-x86_64 0.2-1 2.56 21.68 24.24 OK
r-patched-solaris-x86 0.2-1 44.40 OK
r-release-linux-x86_64 0.2-1 2.26 21.65 23.91 OK
r-release-windows-ix86+x86_64 0.2-1 8.00 106.00 114.00 OK
r-release-osx-x86_64 0.2-1 OK
r-oldrel-windows-ix86+x86_64 0.2-1 6.00 36.00 42.00 OK
r-oldrel-osx-x86_64 0.2-1 OK

Check Details

Version: 0.2-1
Check: compiled code
Result: NOTE
    File ‘MAMSE/libs/MAMSE.so’:
     Found no calls to: ‘R_registerRoutines’, ‘R_useDynamicSymbols’
    
    It is good practice to register native routines and to disable symbol
    search.
    
    See ‘Writing portable packages’ in the ‘Writing R Extensions’ manual.
Flavors: r-devel-linux-x86_64-fedora-clang, r-devel-linux-x86_64-fedora-gcc