CRAN Package Check Results for Package MAMSE

Last updated on 2019-08-26 00:47:28 CEST.

Flavor Version Tinstall Tcheck Ttotal Status Flags
r-devel-linux-x86_64-debian-clang 0.2-1 2.84 22.23 25.07 OK
r-devel-linux-x86_64-debian-gcc 0.2-1 2.33 17.93 20.26 OK
r-devel-linux-x86_64-fedora-clang 0.2-1 33.02 NOTE
r-devel-linux-x86_64-fedora-gcc 0.2-1 30.25 NOTE
r-devel-windows-ix86+x86_64 0.2-1 15.00 54.00 69.00 OK
r-patched-linux-x86_64 0.2-1 2.41 22.16 24.57 OK
r-patched-solaris-x86 0.2-1 48.20 OK
r-release-linux-x86_64 0.2-1 2.63 22.37 25.00 OK
r-release-windows-ix86+x86_64 0.2-1 8.00 106.00 114.00 OK
r-release-osx-x86_64 0.2-1 OK
r-oldrel-windows-ix86+x86_64 0.2-1 6.00 36.00 42.00 OK
r-oldrel-osx-x86_64 0.2-1 OK

Check Details

Version: 0.2-1
Check: compiled code
Result: NOTE
    File ‘MAMSE/libs/MAMSE.so’:
     Found no calls to: ‘R_registerRoutines’, ‘R_useDynamicSymbols’
    
    It is good practice to register native routines and to disable symbol
    search.
    
    See ‘Writing portable packages’ in the ‘Writing R Extensions’ manual.
Flavors: r-devel-linux-x86_64-fedora-clang, r-devel-linux-x86_64-fedora-gcc