CRAN Package Check Results for Package MAd

Last updated on 2019-10-22 00:52:26 CEST.

Flavor Version Tinstall Tcheck Ttotal Status Flags
r-devel-linux-x86_64-debian-clang 0.8-2.1 6.12 41.79 47.91 NOTE
r-devel-linux-x86_64-debian-gcc 0.8-2.1 4.83 32.98 37.81 NOTE
r-devel-linux-x86_64-fedora-clang 0.8-2.1 57.72 NOTE
r-devel-linux-x86_64-fedora-gcc 0.8-2.1 57.12 NOTE
r-devel-windows-ix86+x86_64 0.8-2.1 15.00 53.00 68.00 NOTE
r-patched-linux-x86_64 0.8-2.1 4.93 41.00 45.93 NOTE
r-patched-solaris-x86 0.8-2.1 77.00 NOTE
r-release-linux-x86_64 0.8-2.1 5.89 41.86 47.75 NOTE
r-release-windows-ix86+x86_64 0.8-2.1 14.00 53.00 67.00 NOTE
r-release-osx-x86_64 0.8-2.1 NOTE
r-oldrel-windows-ix86+x86_64 0.8-2.1 9.00 49.00 58.00 NOTE
r-oldrel-osx-x86_64 0.8-2.1 NOTE

Check Details

Version: 0.8-2.1
Check: package dependencies
Result: NOTE
    Package suggested but not available for checking: 'R2wd'
Flavors: r-devel-linux-x86_64-debian-clang, r-devel-linux-x86_64-debian-gcc, r-devel-linux-x86_64-fedora-clang, r-devel-linux-x86_64-fedora-gcc, r-patched-linux-x86_64, r-patched-solaris-x86, r-release-linux-x86_64, r-release-osx-x86_64, r-oldrel-osx-x86_64

Version: 0.8-2.1
Check: dependencies in R code
Result: NOTE
    'library' or 'require' calls in package code:
     'R2wd' 'ggplot2' 'metafor'
     Please use :: or requireNamespace() instead.
     See section 'Suggested packages' in the 'Writing R Extensions' manual.
Flavors: r-devel-linux-x86_64-debian-clang, r-devel-linux-x86_64-debian-gcc, r-devel-linux-x86_64-fedora-clang, r-devel-linux-x86_64-fedora-gcc, r-devel-windows-ix86+x86_64, r-patched-linux-x86_64, r-patched-solaris-x86, r-release-linux-x86_64, r-release-windows-ix86+x86_64, r-release-osx-x86_64, r-oldrel-windows-ix86+x86_64, r-oldrel-osx-x86_64