CRAN Package Check Results for Package MAd

Last updated on 2019-07-16 00:48:14 CEST.

Flavor Version Tinstall Tcheck Ttotal Status Flags
r-devel-linux-x86_64-debian-clang 0.8-2.1 5.07 41.71 46.78 NOTE
r-devel-linux-x86_64-debian-gcc 0.8-2.1 4.56 33.52 38.08 NOTE
r-devel-linux-x86_64-fedora-clang 0.8-2.1 59.24 NOTE
r-devel-linux-x86_64-fedora-gcc 0.8-2.1 57.08 NOTE
r-devel-windows-ix86+x86_64 0.8-2.1 14.00 84.00 98.00 NOTE
r-patched-linux-x86_64 0.8-2.1 5.52 42.25 47.77 NOTE
r-patched-solaris-x86 0.8-2.1 81.90 NOTE
r-release-linux-x86_64 0.8-2.1 5.22 41.93 47.15 NOTE
r-release-windows-ix86+x86_64 0.8-2.1 9.00 77.00 86.00 NOTE
r-release-osx-x86_64 0.8-2.1 NOTE
r-oldrel-windows-ix86+x86_64 0.8-2.1 12.00 68.00 80.00 NOTE
r-oldrel-osx-x86_64 0.8-2.1 NOTE

Check Details

Version: 0.8-2.1
Check: package dependencies
Result: NOTE
    Package suggested but not available for checking: 'R2wd'
Flavors: r-devel-linux-x86_64-debian-clang, r-devel-linux-x86_64-debian-gcc, r-devel-linux-x86_64-fedora-clang, r-devel-linux-x86_64-fedora-gcc, r-patched-linux-x86_64, r-patched-solaris-x86, r-release-linux-x86_64, r-release-osx-x86_64, r-oldrel-osx-x86_64

Version: 0.8-2.1
Check: dependencies in R code
Result: NOTE
    'library' or 'require' calls in package code:
     'R2wd' 'ggplot2' 'metafor'
     Please use :: or requireNamespace() instead.
     See section 'Suggested packages' in the 'Writing R Extensions' manual.
Flavors: r-devel-linux-x86_64-debian-clang, r-devel-linux-x86_64-debian-gcc, r-devel-linux-x86_64-fedora-clang, r-devel-linux-x86_64-fedora-gcc, r-devel-windows-ix86+x86_64, r-patched-linux-x86_64, r-patched-solaris-x86, r-release-linux-x86_64, r-release-windows-ix86+x86_64, r-release-osx-x86_64, r-oldrel-windows-ix86+x86_64, r-oldrel-osx-x86_64