CRAN Package Check Results for Package MDSMap

Last updated on 2019-11-12 00:52:47 CET.

Flavor Version Tinstall Tcheck Ttotal Status Flags
r-devel-linux-x86_64-debian-clang 1.1 10.66 146.06 156.72 OK
r-devel-linux-x86_64-debian-gcc 1.1 10.55 112.04 122.59 OK
r-devel-linux-x86_64-fedora-clang 1.1 187.02 OK
r-devel-linux-x86_64-fedora-gcc 1.1 186.56 OK
r-devel-windows-ix86+x86_64 1.1 42.00 169.00 211.00 OK
r-patched-linux-x86_64 1.1 10.07 136.84 146.91 OK
r-patched-solaris-x86 1.1 308.10 OK
r-release-linux-x86_64 1.1 13.05 136.87 149.92 OK
r-release-windows-ix86+x86_64 1.1 65.00 241.00 306.00 OK
r-release-osx-x86_64 1.1 WARN
r-oldrel-windows-ix86+x86_64 1.1 48.00 293.00 341.00 OK
r-oldrel-osx-x86_64 1.1 WARN

Check Details

Version: 1.1
Check: whether package can be installed
Result: WARN
    Found the following significant warnings:
     Warning: 'rgl_init' failed, running with rgl.useNULL = TRUE
Flavors: r-release-osx-x86_64, r-oldrel-osx-x86_64