CRAN Package Check Results for Package MDSMap

Last updated on 2019-07-16 00:48:15 CEST.

Flavor Version Tinstall Tcheck Ttotal Status Flags
r-devel-linux-x86_64-debian-clang 1.1 13.30 143.37 156.67 OK
r-devel-linux-x86_64-debian-gcc 1.1 10.20 114.19 124.39 OK
r-devel-linux-x86_64-fedora-clang 1.1 192.89 OK
r-devel-linux-x86_64-fedora-gcc 1.1 177.74 OK
r-devel-windows-ix86+x86_64 1.1 62.00 261.00 323.00 OK
r-patched-linux-x86_64 1.1 13.99 139.61 153.60 OK
r-patched-solaris-x86 1.1 325.40 OK
r-release-linux-x86_64 1.1 13.73 138.34 152.07 OK
r-release-windows-ix86+x86_64 1.1 36.00 162.00 198.00 OK
r-release-osx-x86_64 1.1 WARN
r-oldrel-windows-ix86+x86_64 1.1 36.00 301.00 337.00 OK
r-oldrel-osx-x86_64 1.1 WARN

Check Details

Version: 1.1
Check: whether package can be installed
Result: WARN
    Found the following significant warnings:
     Warning: 'rgl_init' failed, running with rgl.useNULL = TRUE
Flavors: r-release-osx-x86_64, r-oldrel-osx-x86_64