CRAN Package Check Results for Package MGL

Last updated on 2019-12-06 00:50:01 CET.

Flavor Version Tinstall Tcheck Ttotal Status Flags
r-devel-linux-x86_64-debian-clang 1.1 2.62 16.71 19.33 OK
r-devel-linux-x86_64-debian-gcc 1.1 2.02 13.50 15.52 OK
r-devel-linux-x86_64-fedora-clang 1.1 23.69 NOTE
r-devel-linux-x86_64-fedora-gcc 1.1 22.78 NOTE
r-devel-windows-ix86+x86_64 1.1 8.00 30.00 38.00 OK
r-devel-windows-ix86+x86_64-gcc8 1.1 8.00 33.00 41.00 OK
r-patched-linux-x86_64 1.1 1.98 15.65 17.63 OK
r-patched-solaris-x86 1.1 35.10 OK
r-release-linux-x86_64 1.1 1.95 15.69 17.64 OK
r-release-windows-ix86+x86_64 1.1 7.00 56.00 63.00 OK
r-release-osx-x86_64 1.1 OK
r-oldrel-windows-ix86+x86_64 1.1 5.00 31.00 36.00 OK
r-oldrel-osx-x86_64 1.1 OK

Check Details

Version: 1.1
Check: compiled code
Result: NOTE
    File ‘MGL/libs/MGL.so’:
     Found no calls to: ‘R_registerRoutines’, ‘R_useDynamicSymbols’
    
    It is good practice to register native routines and to disable symbol
    search.
    
    See ‘Writing portable packages’ in the ‘Writing R Extensions’ manual.
Flavors: r-devel-linux-x86_64-fedora-clang, r-devel-linux-x86_64-fedora-gcc