CRAN Package Check Results for Package MGL

Last updated on 2019-08-20 00:50:50 CEST.

Flavor Version Tinstall Tcheck Ttotal Status Flags
r-devel-linux-x86_64-debian-clang 1.1 2.78 16.01 18.79 OK
r-devel-linux-x86_64-debian-gcc 1.1 1.98 13.24 15.22 OK
r-devel-linux-x86_64-fedora-clang 1.1 24.65 NOTE
r-devel-linux-x86_64-fedora-gcc 1.1 22.39 NOTE
r-devel-windows-ix86+x86_64 1.1 13.00 42.00 55.00 OK
r-patched-linux-x86_64 1.1 2.04 16.21 18.25 OK
r-patched-solaris-x86 1.1 36.90 OK
r-release-linux-x86_64 1.1 2.06 16.10 18.16 OK
r-release-windows-ix86+x86_64 1.1 7.00 56.00 63.00 OK
r-release-osx-x86_64 1.1 OK
r-oldrel-windows-ix86+x86_64 1.1 5.00 31.00 36.00 OK
r-oldrel-osx-x86_64 1.1 OK

Check Details

Version: 1.1
Check: compiled code
Result: NOTE
    File ‘MGL/libs/MGL.so’:
     Found no calls to: ‘R_registerRoutines’, ‘R_useDynamicSymbols’
    
    It is good practice to register native routines and to disable symbol
    search.
    
    See ‘Writing portable packages’ in the ‘Writing R Extensions’ manual.
Flavors: r-devel-linux-x86_64-fedora-clang, r-devel-linux-x86_64-fedora-gcc