CRAN Package Check Results for Package MLZ

Last updated on 2019-07-16 00:48:16 CEST.

Flavor Version Tinstall Tcheck Ttotal Status Flags
r-devel-linux-x86_64-debian-clang 0.1.1 162.77 104.53 267.30 NOTE
r-devel-linux-x86_64-debian-gcc 0.1.1 102.25 83.61 185.86 NOTE
r-devel-linux-x86_64-fedora-clang 0.1.1 384.27 NOTE
r-devel-linux-x86_64-fedora-gcc 0.1.1 337.53 NOTE
r-devel-windows-ix86+x86_64 0.1.1 228.00 228.00 456.00 NOTE
r-patched-linux-x86_64 0.1.1 107.10 104.18 211.28 NOTE
r-patched-solaris-x86 0.1.1 307.60 NOTE
r-release-linux-x86_64 0.1.1 107.89 104.53 212.42 NOTE
r-release-windows-ix86+x86_64 0.1.1 172.00 209.00 381.00 NOTE
r-release-osx-x86_64 0.1.1 NOTE
r-oldrel-windows-ix86+x86_64 0.1.1 216.00 190.00 406.00 NOTE
r-oldrel-osx-x86_64 0.1.1 NOTE

Check Details

Version: 0.1.1
Check: line endings in C/C++/Fortran sources/headers
Result: NOTE
    Found the following sources/headers with CR or CRLF line endings:
     inst/include/ML.h
     inst/include/MLCR.h
     inst/include/MLeffort.h
     inst/include/MSM1S.h
     inst/include/MSM23.h
     inst/include/functions.h
    Some Unix compilers require LF line endings.
Flavors: r-devel-linux-x86_64-debian-clang, r-devel-linux-x86_64-debian-gcc, r-devel-linux-x86_64-fedora-clang, r-devel-linux-x86_64-fedora-gcc, r-devel-windows-ix86+x86_64, r-patched-linux-x86_64, r-patched-solaris-x86, r-release-linux-x86_64, r-release-windows-ix86+x86_64, r-release-osx-x86_64

Version: 0.1.1
Check: installed package size
Result: NOTE
     installed size is 24.0Mb
     sub-directories of 1Mb or more:
     libs 23.6Mb
Flavors: r-devel-linux-x86_64-fedora-clang, r-devel-windows-ix86+x86_64, r-release-windows-ix86+x86_64, r-release-osx-x86_64, r-oldrel-windows-ix86+x86_64, r-oldrel-osx-x86_64