CRAN Package Check Results for Package MLZ

Last updated on 2019-11-12 00:52:48 CET.

Flavor Version Tinstall Tcheck Ttotal Status Flags
r-devel-linux-x86_64-debian-clang 0.1.3 161.17 104.64 265.81 OK
r-devel-linux-x86_64-debian-gcc 0.1.3 123.23 82.43 205.66 OK
r-devel-linux-x86_64-fedora-clang 0.1.3 371.80 NOTE
r-devel-linux-x86_64-fedora-gcc 0.1.3 339.17 OK
r-devel-windows-ix86+x86_64 0.1.3 178.00 165.00 343.00 NOTE
r-patched-linux-x86_64 0.1.3 110.74 102.29 213.03 OK
r-patched-solaris-x86 0.1.3 308.50 OK
r-release-linux-x86_64 0.1.3 113.70 100.67 214.37 OK
r-release-windows-ix86+x86_64 0.1.3 234.00 206.00 440.00 NOTE
r-release-osx-x86_64 0.1.3 NOTE
r-oldrel-windows-ix86+x86_64 0.1.3 207.00 190.00 397.00 NOTE
r-oldrel-osx-x86_64 0.1.3 NOTE

Check Details

Version: 0.1.3
Check: installed package size
Result: NOTE
     installed size is 24.3Mb
     sub-directories of 1Mb or more:
     libs 23.8Mb
Flavors: r-devel-linux-x86_64-fedora-clang, r-devel-windows-ix86+x86_64, r-release-windows-ix86+x86_64, r-release-osx-x86_64, r-oldrel-windows-ix86+x86_64, r-oldrel-osx-x86_64