CRAN Package Check Results for Package MODIS

Last updated on 2019-11-12 00:52:48 CET.

Flavor Version Tinstall Tcheck Ttotal Status Flags
r-devel-linux-x86_64-debian-clang 1.1.5 19.05 151.33 170.38 OK
r-devel-linux-x86_64-debian-gcc 1.1.5 17.12 114.63 131.75 OK
r-devel-linux-x86_64-fedora-clang 1.1.5 205.07 OK
r-devel-linux-x86_64-fedora-gcc 1.1.5 206.50 OK
r-devel-windows-ix86+x86_64 1.1.5 50.00 187.00 237.00 OK
r-patched-linux-x86_64 1.1.5 17.08 146.12 163.20 OK
r-patched-solaris-x86 1.1.5 280.10 OK
r-release-linux-x86_64 1.1.5 18.83 145.47 164.30 OK
r-release-windows-ix86+x86_64 1.1.5 62.00 237.00 299.00 OK
r-release-osx-x86_64 1.1.5 WARN
r-oldrel-windows-ix86+x86_64 1.1.5 44.00 242.00 286.00 OK
r-oldrel-osx-x86_64 1.1.5 WARN

Check Details

Version: 1.1.5
Check: dependencies in R code
Result: NOTE
    dyld: Library not loaded: /Builds/unix/recipes/build/gdal-2.1.3-obj/libgdal.dylib
     Referenced from: /usr/local/bin/gdalinfo
     Reason: image not found
Flavors: r-release-osx-x86_64, r-oldrel-osx-x86_64

Version: 1.1.5
Check: S3 generic/method consistency
Result: WARN
    dyld: Library not loaded: /Builds/unix/recipes/build/gdal-2.1.3-obj/libgdal.dylib
     Referenced from: /usr/local/bin/gdalinfo
     Reason: image not found
    See section ‘Generic functions and methods’ in the ‘Writing R
    Extensions’ manual.
Flavors: r-release-osx-x86_64, r-oldrel-osx-x86_64

Version: 1.1.5
Check: replacement functions
Result: WARN
    dyld: Library not loaded: /Builds/unix/recipes/build/gdal-2.1.3-obj/libgdal.dylib
     Referenced from: /usr/local/bin/gdalinfo
     Reason: image not found
    The argument of a replacement function which corresponds to the right
    hand side must be named ‘value’.
Flavors: r-release-osx-x86_64, r-oldrel-osx-x86_64

Version: 1.1.5
Check: foreign function calls
Result: NOTE
    dyld: Library not loaded: /Builds/unix/recipes/build/gdal-2.1.3-obj/libgdal.dylib
     Referenced from: /usr/local/bin/gdalinfo
     Reason: image not found
    See chapter ‘System and foreign language interfaces’ in the ‘Writing R
    Extensions’ manual.
Flavors: r-release-osx-x86_64, r-oldrel-osx-x86_64

Version: 1.1.5
Check: for missing documentation entries
Result: WARN
    dyld: Library not loaded: /Builds/unix/recipes/build/gdal-2.1.3-obj/libgdal.dylib
     Referenced from: /usr/local/bin/gdalinfo
     Reason: image not found
    All user-level objects in a package should have documentation entries.
    See chapter ‘Writing R documentation files’ in the ‘Writing R
    Extensions’ manual.
Flavors: r-release-osx-x86_64, r-oldrel-osx-x86_64

Version: 1.1.5
Check: for code/documentation mismatches
Result: WARN
    dyld: Library not loaded: /Builds/unix/recipes/build/gdal-2.1.3-obj/libgdal.dylib
     Referenced from: /usr/local/bin/gdalinfo
     Reason: image not found
    dyld: Library not loaded: /Builds/unix/recipes/build/gdal-2.1.3-obj/libgdal.dylib
     Referenced from: /usr/local/bin/gdalinfo
     Reason: image not found
    dyld: Library not loaded: /Builds/unix/recipes/build/gdal-2.1.3-obj/libgdal.dylib
     Referenced from: /usr/local/bin/gdalinfo
     Reason: image not found
Flavors: r-release-osx-x86_64, r-oldrel-osx-x86_64

Version: 1.1.5
Check: Rd \usage sections
Result: NOTE
    dyld: Library not loaded: /Builds/unix/recipes/build/gdal-2.1.3-obj/libgdal.dylib
     Referenced from: /usr/local/bin/gdalinfo
     Reason: image not found
    The \usage entries for S3 methods should use the \method markup and not
    their full name.
    See chapter ‘Writing R documentation files’ in the ‘Writing R
    Extensions’ manual.
Flavors: r-release-osx-x86_64, r-oldrel-osx-x86_64