CRAN Package Check Results for Package MPTinR

Last updated on 2019-09-21 00:52:46 CEST.

Flavor Version Tinstall Tcheck Ttotal Status Flags
r-devel-linux-x86_64-debian-clang 1.11.0 51.27 170.70 221.97 OK
r-devel-linux-x86_64-debian-gcc 1.11.0 41.11 132.23 173.34 OK
r-devel-linux-x86_64-fedora-clang 1.11.0 271.65 NOTE
r-devel-linux-x86_64-fedora-gcc 1.11.0 270.94 OK
r-devel-windows-ix86+x86_64 1.11.0 113.00 206.00 319.00 OK
r-patched-linux-x86_64 1.11.0 47.43 162.51 209.94 OK
r-patched-solaris-x86 1.11.0 307.60 OK
r-release-linux-x86_64 1.11.0 51.45 163.42 214.87 OK
r-release-windows-ix86+x86_64 1.11.0 83.00 198.00 281.00 OK
r-release-osx-x86_64 1.11.0 NOTE
r-oldrel-windows-ix86+x86_64 1.11.0 71.00 202.00 273.00 OK
r-oldrel-osx-x86_64 1.11.0 NOTE

Check Details

Version: 1.11.0
Check: installed package size
Result: NOTE
     installed size is 10.0Mb
     sub-directories of 1Mb or more:
     libs 9.0Mb
Flavors: r-devel-linux-x86_64-fedora-clang, r-release-osx-x86_64, r-oldrel-osx-x86_64