CRAN Package Check Results for Package MPTinR

Last updated on 2019-06-26 00:47:34 CEST.

Flavor Version Tinstall Tcheck Ttotal Status Flags
r-devel-linux-x86_64-debian-clang 1.11.0 51.16 173.37 224.53 OK
r-devel-linux-x86_64-debian-gcc 1.11.0 44.97 140.86 185.83 OK
r-devel-linux-x86_64-fedora-clang 1.11.0 284.10 NOTE
r-devel-linux-x86_64-fedora-gcc 1.11.0 265.63 OK
r-devel-windows-ix86+x86_64 1.11.0 108.00 264.00 372.00 OK
r-patched-linux-x86_64 1.11.0 51.06 165.72 216.78 OK
r-patched-solaris-x86 1.11.0 312.80 OK
r-release-linux-x86_64 1.11.0 53.89 170.08 223.97 OK
r-release-windows-ix86+x86_64 1.11.0 86.00 268.00 354.00 OK
r-release-osx-x86_64 1.11.0 NOTE
r-oldrel-windows-ix86+x86_64 1.11.0 76.00 193.00 269.00 OK
r-oldrel-osx-x86_64 1.11.0 NOTE

Check Details

Version: 1.11.0
Check: installed package size
Result: NOTE
     installed size is 9.8Mb
     sub-directories of 1Mb or more:
     libs 8.8Mb
Flavors: r-devel-linux-x86_64-fedora-clang, r-release-osx-x86_64, r-oldrel-osx-x86_64