CRAN Package Check Results for Package MediaK

Last updated on 2019-07-16 00:48:15 CEST.

Flavor Version Tinstall Tcheck Ttotal Status Flags
r-devel-linux-x86_64-debian-clang 1.0 20.07 22.43 42.50 OK
r-devel-linux-x86_64-debian-gcc 1.0 15.37 18.32 33.69 OK
r-devel-linux-x86_64-fedora-clang 1.0 62.16 NOTE
r-devel-linux-x86_64-fedora-gcc 1.0 54.13 NOTE
r-devel-windows-ix86+x86_64 1.0 53.00 53.00 106.00 OK
r-patched-linux-x86_64 1.0 19.21 23.28 42.49 OK
r-patched-solaris-x86 1.0 71.60 OK
r-release-linux-x86_64 1.0 18.06 22.36 40.42 OK
r-release-windows-ix86+x86_64 1.0 32.00 74.00 106.00 OK
r-release-osx-x86_64 1.0 OK
r-oldrel-windows-ix86+x86_64 1.0 52.00 51.00 103.00 OK
r-oldrel-osx-x86_64 1.0 OK

Check Details

Version: 1.0
Check: compiled code
Result: NOTE
    File ‘MediaK/libs/MediaK.so’:
     Found no calls to: ‘R_registerRoutines’, ‘R_useDynamicSymbols’
    
    It is good practice to register native routines and to disable symbol
    search.
    
    See ‘Writing portable packages’ in the ‘Writing R Extensions’ manual.
Flavors: r-devel-linux-x86_64-fedora-clang, r-devel-linux-x86_64-fedora-gcc