CRAN Package Check Results for Package MediaK

Last updated on 2019-10-23 00:47:55 CEST.

Flavor Version Tinstall Tcheck Ttotal Status Flags
r-devel-linux-x86_64-debian-clang 1.0 26.30 21.69 47.99 OK
r-devel-linux-x86_64-debian-gcc 1.0 15.12 17.87 32.99 OK
r-devel-linux-x86_64-fedora-clang 1.0 61.12 NOTE
r-devel-linux-x86_64-fedora-gcc 1.0 55.19 NOTE
r-devel-windows-ix86+x86_64 1.0 39.00 55.00 94.00 OK
r-patched-linux-x86_64 1.0 18.95 21.82 40.77 OK
r-patched-solaris-x86 1.0 68.10 OK
r-release-linux-x86_64 1.0 17.93 21.92 39.85 OK
r-release-windows-ix86+x86_64 1.0 48.00 61.00 109.00 OK
r-release-osx-x86_64 1.0 OK
r-oldrel-windows-ix86+x86_64 1.0 46.00 80.00 126.00 OK
r-oldrel-osx-x86_64 1.0 OK

Check Details

Version: 1.0
Check: compiled code
Result: NOTE
    File ‘MediaK/libs/MediaK.so’:
     Found no calls to: ‘R_registerRoutines’, ‘R_useDynamicSymbols’
    
    It is good practice to register native routines and to disable symbol
    search.
    
    See ‘Writing portable packages’ in the ‘Writing R Extensions’ manual.
Flavors: r-devel-linux-x86_64-fedora-clang, r-devel-linux-x86_64-fedora-gcc